Last updated on 2024-07-01 03:49:16 CEST.
Flavor | Version | Tinstall | Tcheck | Ttotal | Status | Flags |
---|---|---|---|---|---|---|
r-devel-linux-x86_64-debian-clang | 0.2.4 | 58.17 | 79.86 | 138.03 | OK | |
r-devel-linux-x86_64-debian-gcc | 0.2.4 | 45.70 | 63.00 | 108.70 | OK | |
r-devel-linux-x86_64-fedora-clang | 0.2.4 | 182.36 | OK | |||
r-devel-linux-x86_64-fedora-gcc | 0.2.4 | 196.25 | OK | |||
r-devel-windows-x86_64 | 0.2.4 | 44.00 | 92.00 | 136.00 | OK | |
r-patched-linux-x86_64 | 0.2.4 | 50.59 | 80.98 | 131.57 | OK | |
r-release-linux-x86_64 | 0.2.4 | 51.02 | 81.17 | 132.19 | OK | |
r-release-macos-arm64 | 0.2.4 | 50.00 | NOTE | |||
r-release-macos-x86_64 | 0.2.4 | 68.00 | NOTE | |||
r-release-windows-x86_64 | 0.2.4 | 51.00 | 95.00 | 146.00 | OK | |
r-oldrel-macos-arm64 | 0.2.4 | 52.00 | NOTE | |||
r-oldrel-macos-x86_64 | 0.2.4 | 71.00 | NOTE | |||
r-oldrel-windows-x86_64 | 0.2.4 | 58.00 | 119.00 | 177.00 | OK |
Version: 0.2.4
Check: installed package size
Result: NOTE
installed size is 15.5Mb
sub-directories of 1Mb or more:
libs 15.3Mb
Flavors: r-release-macos-arm64, r-release-macos-x86_64, r-oldrel-macos-arm64, r-oldrel-macos-x86_64