Last updated on 2024-07-01 03:49:16 CEST.
Flavor | Version | Tinstall | Tcheck | Ttotal | Status | Flags |
---|---|---|---|---|---|---|
r-devel-linux-x86_64-debian-clang | 1.1.0 | 55.94 | 71.71 | 127.65 | OK | |
r-devel-linux-x86_64-debian-gcc | 1.1.0 | 36.29 | 54.01 | 90.30 | OK | |
r-devel-linux-x86_64-fedora-clang | 1.1.0 | 181.97 | OK | |||
r-devel-linux-x86_64-fedora-gcc | 1.1.0 | 206.92 | NOTE | |||
r-devel-windows-x86_64 | 1.1.0 | 43.00 | 93.00 | 136.00 | OK | |
r-patched-linux-x86_64 | 1.1.0 | 49.17 | 66.67 | 115.84 | OK | |
r-release-linux-x86_64 | 1.1.0 | 41.66 | 66.29 | 107.95 | OK | |
r-release-macos-arm64 | 1.1.0 | 80.00 | OK | |||
r-release-macos-x86_64 | 1.1.0 | 98.00 | OK | |||
r-release-windows-x86_64 | 1.1.0 | 43.00 | 91.00 | 134.00 | OK | |
r-oldrel-macos-arm64 | 1.1.0 | 88.00 | OK | |||
r-oldrel-macos-x86_64 | 1.1.0 | 141.00 | OK | |||
r-oldrel-windows-x86_64 | 1.1.0 | 45.00 | 110.00 | 155.00 | OK |
Version: 1.1.0
Check: for detritus in the temp directory
Result: NOTE
Found the following files/directories:
‘Crashpad’
Flavor: r-devel-linux-x86_64-fedora-gcc