Last updated on 2024-07-01 03:49:15 CEST.
Flavor | Version | Tinstall | Tcheck | Ttotal | Status | Flags |
---|---|---|---|---|---|---|
r-devel-linux-x86_64-debian-clang | 1.0.1 | 2.73 | 39.15 | 41.88 | NOTE | |
r-devel-linux-x86_64-debian-gcc | 1.0.1 | 1.96 | 30.06 | 32.02 | NOTE | |
r-devel-linux-x86_64-fedora-clang | 1.0.1 | 51.55 | NOTE | |||
r-devel-linux-x86_64-fedora-gcc | 1.0.1 | 49.49 | NOTE | |||
r-devel-windows-x86_64 | 1.0.1 | 3.00 | 57.00 | 60.00 | NOTE | |
r-patched-linux-x86_64 | 1.0.1 | 2.76 | 37.44 | 40.20 | NOTE | |
r-release-linux-x86_64 | 1.0.1 | 2.47 | 37.64 | 40.11 | NOTE | |
r-release-macos-arm64 | 1.0.1 | 21.00 | NOTE | |||
r-release-macos-x86_64 | 1.0.1 | 30.00 | NOTE | |||
r-release-windows-x86_64 | 1.0.1 | 4.00 | 58.00 | 62.00 | NOTE | |
r-oldrel-macos-arm64 | 1.0.1 | 23.00 | NOTE | |||
r-oldrel-macos-x86_64 | 1.0.1 | 29.00 | NOTE | |||
r-oldrel-windows-x86_64 | 1.0.1 | 4.00 | 62.00 | 66.00 | NOTE |
Version: 1.0.1
Check: Rd files
Result: NOTE
checkRd: (-1) SEset_to_network.Rd:50: Escaped LaTeX specials: \&
checkRd: (-1) network_to_SEset.Rd:72: Escaped LaTeX specials: \&
checkRd: (-1) network_to_path.Rd:50: Escaped LaTeX specials: \&
checkRd: (-1) path_to_network.Rd:29: Escaped LaTeX specials: \&
Flavors: r-devel-linux-x86_64-debian-clang, r-devel-linux-x86_64-debian-gcc, r-devel-linux-x86_64-fedora-clang, r-devel-linux-x86_64-fedora-gcc, r-devel-windows-x86_64, r-patched-linux-x86_64, r-release-linux-x86_64, r-release-macos-arm64, r-release-macos-x86_64, r-release-windows-x86_64, r-oldrel-macos-arm64, r-oldrel-macos-x86_64, r-oldrel-windows-x86_64