Last updated on 2024-07-01 03:49:15 CEST.
Flavor | Version | Tinstall | Tcheck | Ttotal | Status | Flags |
---|---|---|---|---|---|---|
r-devel-linux-x86_64-debian-clang | 2.0.1 | 288.69 | 977.00 | 1265.69 | OK | |
r-devel-linux-x86_64-debian-gcc | 2.0.1 | 241.33 | 634.37 | 875.70 | OK | |
r-devel-linux-x86_64-fedora-clang | 2.0.1 | 1546.80 | NOTE | |||
r-devel-linux-x86_64-fedora-gcc | 2.0.1 | 1426.88 | OK | |||
r-devel-windows-x86_64 | 2.0.1 | 222.00 | 426.00 | 648.00 | NOTE | |
r-patched-linux-x86_64 | 2.0.1 | 264.10 | 906.63 | 1170.73 | OK | |
r-release-linux-x86_64 | 2.0.1 | 275.80 | 912.45 | 1188.25 | OK | |
r-release-macos-arm64 | 2.0.1 | 254.00 | NOTE | |||
r-release-macos-x86_64 | 2.0.1 | 478.00 | NOTE | |||
r-release-windows-x86_64 | 2.0.1 | 215.00 | 438.00 | 653.00 | NOTE | |
r-oldrel-macos-arm64 | 2.0.1 | 283.00 | NOTE | |||
r-oldrel-macos-x86_64 | 2.0.1 | 574.00 | NOTE | |||
r-oldrel-windows-x86_64 | 2.0.1 | 301.00 | 617.00 | 918.00 | NOTE |
Version: 2.0.1
Check: installed package size
Result: NOTE
installed size is 8.5Mb
sub-directories of 1Mb or more:
R 7.8Mb
Flavors: r-devel-linux-x86_64-fedora-clang, r-devel-windows-x86_64, r-release-macos-arm64, r-release-macos-x86_64, r-release-windows-x86_64, r-oldrel-macos-arm64, r-oldrel-macos-x86_64, r-oldrel-windows-x86_64