Last updated on 2024-07-01 03:49:14 CEST.
Flavor | Version | Tinstall | Tcheck | Ttotal | Status | Flags |
---|---|---|---|---|---|---|
r-devel-linux-x86_64-debian-clang | 1.2.2 | 3.02 | 28.66 | 31.68 | NOTE | |
r-devel-linux-x86_64-debian-gcc | 1.2.2 | 2.23 | 21.67 | 23.90 | NOTE | |
r-devel-linux-x86_64-fedora-clang | 1.2.2 | 40.20 | NOTE | |||
r-devel-linux-x86_64-fedora-gcc | 1.2.2 | 50.49 | NOTE | |||
r-devel-windows-x86_64 | 1.2.2 | 4.00 | 44.00 | 48.00 | NOTE | |
r-patched-linux-x86_64 | 1.2.2 | 3.05 | 27.18 | 30.23 | NOTE | |
r-release-linux-x86_64 | 1.2.2 | 2.70 | 26.93 | 29.63 | NOTE | |
r-release-macos-arm64 | 1.2.2 | 23.00 | NOTE | |||
r-release-macos-x86_64 | 1.2.2 | 32.00 | NOTE | |||
r-release-windows-x86_64 | 1.2.2 | 4.00 | 44.00 | 48.00 | NOTE | |
r-oldrel-macos-arm64 | 1.2.2 | 22.00 | NOTE | |||
r-oldrel-macos-x86_64 | 1.2.2 | 33.00 | NOTE | |||
r-oldrel-windows-x86_64 | 1.2.2 | 4.00 | 45.00 | 49.00 | NOTE |
Version: 1.2.2
Check: LazyData
Result: NOTE
'LazyData' is specified without a 'data' directory
Flavors: r-devel-linux-x86_64-debian-clang, r-devel-linux-x86_64-debian-gcc, r-devel-linux-x86_64-fedora-clang, r-devel-linux-x86_64-fedora-gcc, r-devel-windows-x86_64, r-patched-linux-x86_64, r-release-linux-x86_64, r-release-macos-arm64, r-release-macos-x86_64, r-release-windows-x86_64, r-oldrel-macos-arm64, r-oldrel-macos-x86_64, r-oldrel-windows-x86_64