Last updated on 2024-07-01 03:49:14 CEST.
Flavor | Version | Tinstall | Tcheck | Ttotal | Status | Flags |
---|---|---|---|---|---|---|
r-devel-linux-x86_64-debian-clang | 1.2.2 | 39.05 | 334.00 | 373.05 | OK | |
r-devel-linux-x86_64-debian-gcc | 1.2.2 | 30.55 | 247.85 | 278.40 | OK | |
r-devel-linux-x86_64-fedora-clang | 1.2.2 | 477.37 | NOTE | |||
r-devel-linux-x86_64-fedora-gcc | 1.2.2 | 466.00 | OK | |||
r-devel-windows-x86_64 | 1.2.2 | 32.00 | 215.00 | 247.00 | OK | |
r-patched-linux-x86_64 | 1.2.2 | 24.47 | 314.53 | 339.00 | OK | |
r-release-linux-x86_64 | 1.2.2 | 25.14 | 317.94 | 343.08 | OK | |
r-release-macos-arm64 | 1.2.2 | 5.00 | ERROR | |||
r-release-macos-x86_64 | 1.2.2 | 293.00 | NOTE | |||
r-release-windows-x86_64 | 1.2.2 | 33.00 | 216.00 | 249.00 | OK | |
r-oldrel-macos-arm64 | 1.2.2 | 136.00 | NOTE | |||
r-oldrel-macos-x86_64 | 1.2.2 | 288.00 | NOTE | |||
r-oldrel-windows-x86_64 | 1.2.2 | 26.00 | 8.00 | 34.00 | ERROR |
Version: 1.2.2
Check: Rd cross-references
Result: NOTE
Undeclared package ‘distrEx’ in Rd xrefs
Flavor: r-devel-linux-x86_64-fedora-clang
Version: 1.2.2
Check: package dependencies
Result: ERROR
Package required but not available: ‘beadarray’
Packages suggested but not available for checking:
'affydata', 'hgu95av2cdf', 'beadarrayExampleData',
'illuminaHumanv3.db'
See section ‘The DESCRIPTION file’ in the ‘Writing R Extensions’
manual.
Flavor: r-release-macos-arm64
Version: 1.2.2
Check: package dependencies
Result: NOTE
Package suggested but not available for checking: ‘illuminaHumanv3.db’
Flavor: r-release-macos-x86_64
Version: 1.2.2
Check: package dependencies
Result: NOTE
Packages suggested but not available for checking:
'affydata', 'hgu95av2cdf', 'beadarrayExampleData',
'illuminaHumanv3.db'
Flavors: r-oldrel-macos-arm64, r-oldrel-macos-x86_64
Version: 1.2.2
Check: whether package can be installed
Result: ERROR
Installation failed.
Flavor: r-oldrel-windows-x86_64