Last updated on 2024-07-01 03:49:14 CEST.
Flavor | Version | Tinstall | Tcheck | Ttotal | Status | Flags |
---|---|---|---|---|---|---|
r-devel-linux-x86_64-debian-clang | 1.3.0 | 705.94 | 117.11 | 823.05 | OK | |
r-devel-linux-x86_64-debian-gcc | 1.3.0 | 599.31 | 127.17 | 726.48 | OK | |
r-devel-linux-x86_64-fedora-clang | 1.3.0 | 1020.86 | NOTE | |||
r-devel-linux-x86_64-fedora-gcc | 1.3.0 | 1541.14 | NOTE | |||
r-devel-windows-x86_64 | 1.3.0 | 565.00 | 168.00 | 733.00 | NOTE | |
r-patched-linux-x86_64 | 1.3.0 | 501.35 | 160.69 | 662.04 | OK | |
r-release-linux-x86_64 | 1.3.0 | 0.02 | 2.51 | 2.53 | ERROR | |
r-release-macos-arm64 | 1.3.0 | 296.00 | NOTE | |||
r-release-macos-x86_64 | 1.3.0 | 216.00 | NOTE | |||
r-release-windows-x86_64 | 1.3.0 | 546.00 | 170.00 | 716.00 | NOTE | |
r-oldrel-macos-arm64 | 1.3.0 | 291.00 | NOTE | |||
r-oldrel-macos-x86_64 | 1.3.0 | 290.00 | NOTE | |||
r-oldrel-windows-x86_64 | 1.3.0 | 705.00 | 205.00 | 910.00 | NOTE |
Version: 1.3.0
Check: installed package size
Result: NOTE
installed size is 7.4Mb
sub-directories of 1Mb or more:
libs 6.6Mb
Flavors: r-devel-linux-x86_64-fedora-clang, r-devel-windows-x86_64, r-release-macos-arm64, r-release-macos-x86_64, r-release-windows-x86_64, r-oldrel-macos-arm64, r-oldrel-macos-x86_64, r-oldrel-windows-x86_64
Version: 1.3.0
Check: Rd cross-references
Result: NOTE
Undeclared package ‘extraDistr’ in Rd xrefs
Flavor: r-devel-linux-x86_64-fedora-clang
Version: 1.3.0
Check: for GNU extensions in Makefiles
Result: NOTE
GNU make is a SystemRequirements.
Flavors: r-devel-linux-x86_64-fedora-clang, r-devel-linux-x86_64-fedora-gcc, r-release-macos-arm64, r-release-macos-x86_64, r-oldrel-macos-arm64, r-oldrel-macos-x86_64
Version: 1.3.0
Check: whether package can be installed
Result: ERROR
Installation failed.
Flavor: r-release-linux-x86_64