Last updated on 2024-07-01 03:49:14 CEST.
Flavor | Version | Tinstall | Tcheck | Ttotal | Status | Flags |
---|---|---|---|---|---|---|
r-devel-linux-x86_64-debian-clang | 0.0.3 | 73.73 | 28.52 | 102.25 | OK | |
r-devel-linux-x86_64-debian-gcc | 0.0.3 | 64.36 | 21.85 | 86.21 | OK | |
r-devel-linux-x86_64-fedora-clang | 0.0.3 | 124.06 | OK | |||
r-devel-linux-x86_64-fedora-gcc | 0.0.3 | 181.75 | OK | |||
r-devel-windows-x86_64 | 0.0.3 | 64.00 | 79.00 | 143.00 | OK | |
r-patched-linux-x86_64 | 0.0.3 | 84.47 | 26.96 | 111.43 | OK | |
r-release-linux-x86_64 | 0.0.3 | 85.74 | 27.34 | 113.08 | OK | |
r-release-macos-arm64 | 0.0.3 | 50.00 | NOTE | |||
r-release-macos-x86_64 | 0.0.3 | 55.00 | NOTE | |||
r-release-windows-x86_64 | 0.0.3 | 66.00 | 81.00 | 147.00 | OK | |
r-oldrel-macos-arm64 | 0.0.3 | 54.00 | NOTE | |||
r-oldrel-macos-x86_64 | 0.0.3 | 100.00 | NOTE | |||
r-oldrel-windows-x86_64 | 0.0.3 | 79.00 | 89.00 | 168.00 | OK |
Version: 0.0.3
Check: installed package size
Result: NOTE
installed size is 19.7Mb
sub-directories of 1Mb or more:
libs 19.5Mb
Flavors: r-release-macos-arm64, r-release-macos-x86_64, r-oldrel-macos-arm64, r-oldrel-macos-x86_64