Last updated on 2024-07-01 03:49:13 CEST.
Flavor | Version | Tinstall | Tcheck | Ttotal | Status | Flags |
---|---|---|---|---|---|---|
r-devel-linux-x86_64-debian-clang | 0.2-10 | 155.43 | 30.92 | 186.35 | OK | |
r-devel-linux-x86_64-debian-gcc | 0.2-10 | 109.62 | 23.75 | 133.37 | OK | |
r-devel-linux-x86_64-fedora-clang | 0.2-10 | 350.52 | OK | |||
r-devel-linux-x86_64-fedora-gcc | 0.2-10 | 276.72 | OK | |||
r-devel-windows-x86_64 | 0.2-10 | 148.00 | 94.00 | 242.00 | OK | |
r-patched-linux-x86_64 | 0.2-10 | 135.52 | 30.19 | 165.71 | OK | |
r-release-linux-x86_64 | 0.2-10 | 132.12 | 30.16 | 162.28 | OK | |
r-release-macos-arm64 | 0.2-10 | 57.00 | NOTE | |||
r-release-macos-x86_64 | 0.2-10 | 69.00 | NOTE | |||
r-release-windows-x86_64 | 0.2-10 | 147.00 | 85.00 | 232.00 | OK | |
r-oldrel-macos-arm64 | 0.2-10 | 67.00 | NOTE | |||
r-oldrel-macos-x86_64 | 0.2-10 | 69.00 | NOTE | |||
r-oldrel-windows-x86_64 | 0.2-10 | 155.00 | 89.00 | 244.00 | OK |
Version: 0.2-10
Check: installed package size
Result: NOTE
installed size is 8.5Mb
sub-directories of 1Mb or more:
libs 8.4Mb
Flavors: r-release-macos-arm64, r-release-macos-x86_64, r-oldrel-macos-arm64, r-oldrel-macos-x86_64