Last updated on 2024-07-01 03:49:13 CEST.
Flavor | Version | Tinstall | Tcheck | Ttotal | Status | Flags |
---|---|---|---|---|---|---|
r-devel-linux-x86_64-debian-clang | 1.0.2 | 5.98 | 71.95 | 77.93 | NOTE | |
r-devel-linux-x86_64-debian-gcc | 1.0.2 | 6.70 | 55.79 | 62.49 | NOTE | |
r-devel-linux-x86_64-fedora-clang | 1.0.2 | 106.67 | NOTE | |||
r-devel-linux-x86_64-fedora-gcc | 1.0.2 | 112.82 | NOTE | |||
r-devel-windows-x86_64 | 1.0.2 | 8.00 | 81.00 | 89.00 | NOTE | |
r-patched-linux-x86_64 | 1.0.2 | 7.07 | 71.33 | 78.40 | NOTE | |
r-release-linux-x86_64 | 1.0.2 | 5.14 | 68.98 | 74.12 | NOTE | |
r-release-macos-arm64 | 1.0.2 | 39.00 | NOTE | |||
r-release-macos-x86_64 | 1.0.2 | 57.00 | NOTE | |||
r-release-windows-x86_64 | 1.0.2 | 10.00 | 75.00 | 85.00 | NOTE | |
r-oldrel-macos-arm64 | 1.0.2 | 38.00 | OK | |||
r-oldrel-macos-x86_64 | 1.0.2 | 56.00 | OK | |||
r-oldrel-windows-x86_64 | 1.0.2 | 10.00 | 85.00 | 95.00 | OK |
Version: 1.0.2
Check: Rd files
Result: NOTE
checkRd: (-1) iex.chart.Rd:23: Lost braces; missing escapes or markup?
23 | r takes only of of the values accepted IN API request. {"5y", "2y", "1y", "ytd", "6m", "3m", "1m", "1d"}
| ^
Flavors: r-devel-linux-x86_64-debian-clang, r-devel-linux-x86_64-debian-gcc, r-devel-linux-x86_64-fedora-clang, r-devel-linux-x86_64-fedora-gcc, r-devel-windows-x86_64, r-patched-linux-x86_64, r-release-linux-x86_64, r-release-macos-arm64, r-release-macos-x86_64, r-release-windows-x86_64