Last updated on 2024-07-01 03:49:13 CEST.
Flavor | Version | Tinstall | Tcheck | Ttotal | Status | Flags |
---|---|---|---|---|---|---|
r-devel-linux-x86_64-debian-clang | 2.3.10 | 21.51 | 139.02 | 160.53 | OK | |
r-devel-linux-x86_64-debian-gcc | 2.3.10 | 16.88 | 102.34 | 119.22 | OK | |
r-devel-linux-x86_64-fedora-clang | 2.3.10 | 200.74 | NOTE | |||
r-devel-linux-x86_64-fedora-gcc | 2.3.10 | 216.51 | NOTE | |||
r-devel-windows-x86_64 | 2.3.10 | 18.00 | 121.00 | 139.00 | OK | |
r-patched-linux-x86_64 | 2.3.10 | 19.17 | 133.18 | 152.35 | OK | |
r-release-linux-x86_64 | 2.3.10 | 12.89 | 131.33 | 144.22 | OK | |
r-release-macos-arm64 | 2.3.10 | 68.00 | OK | |||
r-release-macos-x86_64 | 2.3.10 | 98.00 | OK | |||
r-release-windows-x86_64 | 2.3.10 | 21.00 | 121.00 | 142.00 | OK | |
r-oldrel-macos-arm64 | 2.3.10 | 71.00 | OK | |||
r-oldrel-macos-x86_64 | 2.3.10 | 161.00 | OK | |||
r-oldrel-windows-x86_64 | 2.3.10 | 24.00 | 143.00 | 167.00 | OK |
Version: 2.3.10
Check: package dependencies
Result: NOTE
Imports includes 28 non-default packages.
Importing from so many packages makes the package vulnerable to any of
them becoming unavailable. Move as many as possible to Suggests and
use conditionally.
Flavor: r-devel-linux-x86_64-fedora-clang
Version: 2.3.10
Check: data for non-ASCII characters
Result: NOTE
Note: found 26 marked UTF-8 strings
Flavors: r-devel-linux-x86_64-fedora-clang, r-devel-linux-x86_64-fedora-gcc