Last updated on 2024-07-01 03:49:13 CEST.
Flavor | Version | Tinstall | Tcheck | Ttotal | Status | Flags |
---|---|---|---|---|---|---|
r-devel-linux-x86_64-debian-clang | 1.0.1 | 6.47 | 58.24 | 64.71 | NOTE | |
r-devel-linux-x86_64-debian-gcc | 1.0.1 | 4.02 | 43.48 | 47.50 | NOTE | |
r-devel-linux-x86_64-fedora-clang | 1.0.1 | 85.72 | NOTE | |||
r-devel-linux-x86_64-fedora-gcc | 1.0.1 | 78.77 | NOTE | |||
r-devel-windows-x86_64 | 1.0.1 | 6.00 | 92.00 | 98.00 | NOTE | |
r-patched-linux-x86_64 | 1.0.1 | 6.56 | 54.17 | 60.73 | NOTE | |
r-release-linux-x86_64 | 1.0.1 | 4.53 | 55.55 | 60.08 | NOTE | |
r-release-macos-arm64 | 1.0.1 | 67.00 | NOTE | |||
r-release-macos-x86_64 | 1.0.1 | 79.00 | NOTE | |||
r-release-windows-x86_64 | 1.0.1 | 7.00 | 103.00 | 110.00 | NOTE | |
r-oldrel-macos-arm64 | 1.0.1 | 56.00 | NOTE | |||
r-oldrel-macos-x86_64 | 1.0.1 | 74.00 | NOTE | |||
r-oldrel-windows-x86_64 | 1.0.1 | 9.00 | 102.00 | 111.00 | NOTE |
Version: 1.0.1
Check: LazyData
Result: NOTE
'LazyData' is specified without a 'data' directory
Flavors: r-devel-linux-x86_64-debian-clang, r-devel-linux-x86_64-debian-gcc, r-devel-linux-x86_64-fedora-clang, r-devel-linux-x86_64-fedora-gcc, r-devel-windows-x86_64, r-patched-linux-x86_64, r-release-linux-x86_64, r-release-macos-arm64, r-release-macos-x86_64, r-release-windows-x86_64, r-oldrel-macos-arm64, r-oldrel-macos-x86_64, r-oldrel-windows-x86_64