Last updated on 2024-07-01 03:49:13 CEST.
Flavor | Version | Tinstall | Tcheck | Ttotal | Status | Flags |
---|---|---|---|---|---|---|
r-devel-linux-x86_64-debian-clang | 0.1.0 | 1.60 | 21.94 | 23.54 | OK | |
r-devel-linux-x86_64-debian-gcc | 0.1.0 | 1.62 | 17.20 | 18.82 | OK | |
r-devel-linux-x86_64-fedora-clang | 0.1.0 | 30.41 | NOTE | |||
r-devel-linux-x86_64-fedora-gcc | 0.1.0 | 28.41 | NOTE | |||
r-devel-windows-x86_64 | 0.1.0 | 2.00 | 38.00 | 40.00 | OK | |
r-patched-linux-x86_64 | 0.1.0 | 1.84 | 21.32 | 23.16 | OK | |
r-release-linux-x86_64 | 0.1.0 | 2.00 | 21.32 | 23.32 | OK | |
r-release-macos-arm64 | 0.1.0 | 12.00 | OK | |||
r-release-macos-x86_64 | 0.1.0 | 18.00 | OK | |||
r-release-windows-x86_64 | 0.1.0 | 4.00 | 38.00 | 42.00 | OK | |
r-oldrel-macos-arm64 | 0.1.0 | 13.00 | OK | |||
r-oldrel-macos-x86_64 | 0.1.0 | 18.00 | OK | |||
r-oldrel-windows-x86_64 | 0.1.0 | 3.00 | 38.00 | 41.00 | OK |
Version: 0.1.0
Check: dependencies in R code
Result: NOTE
Namespace in Imports field not imported from: ‘MASS’
All declared Imports should be used.
Flavors: r-devel-linux-x86_64-fedora-clang, r-devel-linux-x86_64-fedora-gcc