Last updated on 2024-07-01 03:49:13 CEST.
Flavor | Version | Tinstall | Tcheck | Ttotal | Status | Flags |
---|---|---|---|---|---|---|
r-devel-linux-x86_64-debian-clang | 7.1.6 | 19.81 | 54.51 | 74.32 | NOTE | |
r-devel-linux-x86_64-debian-gcc | 7.1.6 | 14.04 | 36.57 | 50.61 | NOTE | |
r-devel-linux-x86_64-fedora-clang | 7.1.6 | 105.49 | NOTE | |||
r-devel-linux-x86_64-fedora-gcc | 7.1.6 | 99.00 | NOTE | |||
r-devel-windows-x86_64 | 7.1.6 | 20.00 | 76.00 | 96.00 | NOTE | |
r-patched-linux-x86_64 | 7.1.6 | 19.19 | 46.32 | 65.51 | NOTE | |
r-release-linux-x86_64 | 7.1.6 | 18.75 | 46.48 | 65.23 | NOTE | |
r-release-macos-arm64 | 7.1.6 | 22.00 | NOTE | |||
r-release-macos-x86_64 | 7.1.6 | 39.00 | NOTE | |||
r-release-windows-x86_64 | 7.1.6 | 20.00 | 73.00 | 93.00 | NOTE | |
r-oldrel-macos-arm64 | 7.1.6 | 25.00 | NOTE | |||
r-oldrel-macos-x86_64 | 7.1.6 | 50.00 | NOTE | |||
r-oldrel-windows-x86_64 | 7.1.6 | 24.00 | 81.00 | 105.00 | NOTE |
Version: 7.1.6
Check: C++ specification
Result: NOTE
Specified C++14: please drop specification unless essential
Flavors: r-devel-linux-x86_64-debian-clang, r-devel-linux-x86_64-debian-gcc, r-devel-linux-x86_64-fedora-clang, r-devel-linux-x86_64-fedora-gcc, r-devel-windows-x86_64, r-patched-linux-x86_64, r-release-linux-x86_64, r-release-macos-arm64, r-release-macos-x86_64, r-release-windows-x86_64, r-oldrel-macos-arm64, r-oldrel-macos-x86_64, r-oldrel-windows-x86_64