Last updated on 2024-07-01 03:49:13 CEST.
Flavor | Version | Tinstall | Tcheck | Ttotal | Status | Flags |
---|---|---|---|---|---|---|
r-devel-linux-x86_64-debian-clang | 0.0-2 | 28.01 | 177.75 | 205.76 | NOTE | |
r-devel-linux-x86_64-debian-gcc | 0.0-2 | 20.15 | 127.62 | 147.77 | NOTE | |
r-devel-linux-x86_64-fedora-clang | 0.0-2 | 259.86 | NOTE | |||
r-devel-linux-x86_64-fedora-gcc | 0.0-2 | 248.24 | NOTE | |||
r-devel-windows-x86_64 | 0.0-2 | 22.00 | 140.00 | 162.00 | NOTE | |
r-patched-linux-x86_64 | 0.0-2 | 19.03 | 170.40 | 189.43 | NOTE | |
r-release-linux-x86_64 | 0.0-2 | 25.44 | 169.15 | 194.59 | NOTE | |
r-release-macos-arm64 | 0.0-2 | 87.00 | NOTE | |||
r-release-macos-x86_64 | 0.0-2 | 113.00 | NOTE | |||
r-release-windows-x86_64 | 0.0-2 | 21.00 | 144.00 | 165.00 | NOTE | |
r-oldrel-macos-arm64 | 0.0-2 | 68.00 | NOTE | |||
r-oldrel-macos-x86_64 | 0.0-2 | 117.00 | NOTE | |||
r-oldrel-windows-x86_64 | 0.0-2 | 26.00 | 166.00 | 192.00 | NOTE |
Version: 0.0-2
Check: Rd files
Result: NOTE
checkRd: (-1) RcmdrPlugin.MA-package.Rd:21: Escaped LaTeX specials: \&
checkRd: (-1) RcmdrPlugin.MA-package.Rd:23: Escaped LaTeX specials: \&
Flavors: r-devel-linux-x86_64-debian-clang, r-devel-linux-x86_64-debian-gcc, r-devel-linux-x86_64-fedora-clang, r-devel-linux-x86_64-fedora-gcc, r-devel-windows-x86_64, r-patched-linux-x86_64, r-release-linux-x86_64, r-release-macos-arm64, r-release-macos-x86_64, r-release-windows-x86_64, r-oldrel-macos-arm64, r-oldrel-macos-x86_64, r-oldrel-windows-x86_64