Last updated on 2024-07-01 03:49:13 CEST.
Flavor | Version | Tinstall | Tcheck | Ttotal | Status | Flags |
---|---|---|---|---|---|---|
r-devel-linux-x86_64-debian-clang | 1.1.3.1 | 61.47 | 525.55 | 587.02 | NOTE | |
r-devel-linux-x86_64-debian-gcc | 1.1.3.1 | 50.71 | 379.42 | 430.13 | NOTE | |
r-devel-linux-x86_64-fedora-clang | 1.1.3.1 | 742.81 | NOTE | |||
r-devel-linux-x86_64-fedora-gcc | 1.1.3.1 | 752.58 | NOTE | |||
r-devel-windows-x86_64 | 1.1.3.1 | 54.00 | 397.00 | 451.00 | NOTE | |
r-patched-linux-x86_64 | 1.1.3.1 | 61.48 | 502.93 | 564.41 | NOTE | |
r-release-linux-x86_64 | 1.1.3.1 | 57.01 | 500.86 | 557.87 | NOTE | |
r-release-macos-arm64 | 1.1.3.1 | 241.00 | NOTE | |||
r-release-macos-x86_64 | 1.1.3.1 | 293.00 | WARN | |||
r-release-windows-x86_64 | 1.1.3.1 | 46.00 | 334.00 | 380.00 | NOTE | |
r-oldrel-macos-arm64 | 1.1.3.1 | 139.00 | NOTE | |||
r-oldrel-macos-x86_64 | 1.1.3.1 | 271.00 | NOTE | |||
r-oldrel-windows-x86_64 | 1.1.3.1 | 58.00 | 408.00 | 466.00 | NOTE |
Version: 1.1.3.1
Check: package dependencies
Result: NOTE
Depends: includes the non-default packages:
'biclust', 'fabia', 'iBBiG', 'superbiclust', 'BcDiag', 'BicARE',
's4vd', 'BiBitR'
Adding so many packages to the search path is excessive and importing
selectively is preferable.
Flavors: r-devel-linux-x86_64-debian-clang, r-devel-linux-x86_64-debian-gcc, r-devel-linux-x86_64-fedora-clang, r-devel-linux-x86_64-fedora-gcc, r-devel-windows-x86_64, r-patched-linux-x86_64, r-release-linux-x86_64, r-release-macos-arm64, r-release-macos-x86_64, r-release-windows-x86_64, r-oldrel-windows-x86_64
Version: 1.1.3.1
Check: re-building of vignette outputs
Result: WARN
Error(s) in re-building vignettes:
...
--- re-building ‘GuideBiclustGUI.Rnw’ using knitr
Error: processing vignette 'GuideBiclustGUI.Rnw' failed with diagnostics:
Running 'texi2dvi' on 'GuideBiclustGUI.tex' failed.
LaTeX errors:
! Undefined control sequence.
l.2365 \hldef
{newmethod_WINDOW} \hlkwb{<-} \hlkwa{function}\hldef{()\{}
?
! Emergency stop.
! Emergency stop.
l.2365
End of file on the terminal!
! ==> Fatal error occurred, no output PDF file produced!
--- failed re-building ‘GuideBiclustGUI.Rnw’
SUMMARY: processing the following file failed:
‘GuideBiclustGUI.Rnw’
Error: Vignette re-building failed.
Execution halted
Flavor: r-release-macos-x86_64
Version: 1.1.3.1
Check: package dependencies
Result: NOTE
Package suggested but not available for checking: ‘rqubic’
Depends: includes the non-default packages:
'biclust', 'fabia', 'iBBiG', 'superbiclust', 'BcDiag', 'BicARE',
's4vd', 'BiBitR'
Adding so many packages to the search path is excessive and importing
selectively is preferable.
Flavors: r-oldrel-macos-arm64, r-oldrel-macos-x86_64