Last updated on 2024-07-01 03:49:14 CEST.
Flavor | Version | Tinstall | Tcheck | Ttotal | Status | Flags |
---|---|---|---|---|---|---|
r-devel-linux-x86_64-debian-clang | 2.1.0 | 27.06 | 230.81 | 257.87 | OK | |
r-devel-linux-x86_64-debian-gcc | 2.1.0 | 18.27 | 169.08 | 187.35 | OK | |
r-devel-linux-x86_64-fedora-clang | 2.1.0 | 333.32 | OK | |||
r-devel-linux-x86_64-fedora-gcc | 2.1.0 | 333.74 | OK | |||
r-devel-windows-x86_64 | 2.1.0 | 21.00 | 165.00 | 186.00 | OK | |
r-patched-linux-x86_64 | 2.1.0 | 22.77 | 218.90 | 241.67 | OK | |
r-release-linux-x86_64 | 2.1.0 | 19.85 | 212.74 | 232.59 | OK | |
r-release-macos-arm64 | 2.1.0 | 87.00 | OK | |||
r-release-macos-x86_64 | 2.1.0 | 147.00 | OK | |||
r-release-windows-x86_64 | 2.1.0 | 22.00 | 164.00 | 186.00 | OK | |
r-oldrel-macos-arm64 | 2.1.0 | 86.00 | NOTE | |||
r-oldrel-macos-x86_64 | 2.1.0 | 132.00 | NOTE | |||
r-oldrel-windows-x86_64 | 2.1.0 | 28.00 | 208.00 | 236.00 | OK |
Version: 2.1.0
Check: package dependencies
Result: NOTE
Package suggested but not available for checking: ‘Gviz’
Flavors: r-oldrel-macos-arm64, r-oldrel-macos-x86_64