Last updated on 2024-07-01 03:49:14 CEST.
Flavor | Version | Tinstall | Tcheck | Ttotal | Status | Flags |
---|---|---|---|---|---|---|
r-devel-linux-x86_64-debian-clang | 1.1.1 | 62.42 | 29.91 | 92.33 | NOTE | |
r-devel-linux-x86_64-debian-gcc | 1.1.1 | 40.22 | 23.21 | 63.43 | NOTE | |
r-devel-linux-x86_64-fedora-clang | 1.1.1 | 146.86 | NOTE | |||
r-devel-linux-x86_64-fedora-gcc | 1.1.1 | 132.16 | NOTE | |||
r-devel-windows-x86_64 | 1.1.1 | 55.00 | 63.00 | 118.00 | NOTE | |
r-patched-linux-x86_64 | 1.1.1 | 52.46 | 27.70 | 80.16 | NOTE | |
r-release-linux-x86_64 | 1.1.1 | 45.89 | 28.50 | 74.39 | NOTE | |
r-release-macos-arm64 | 1.1.1 | 32.00 | NOTE | |||
r-release-macos-x86_64 | 1.1.1 | 49.00 | NOTE | |||
r-release-windows-x86_64 | 1.1.1 | 54.00 | 61.00 | 115.00 | NOTE | |
r-oldrel-macos-arm64 | 1.1.1 | 39.00 | NOTE | |||
r-oldrel-macos-x86_64 | 1.1.1 | 52.00 | NOTE | |||
r-oldrel-windows-x86_64 | 1.1.1 | 57.00 | 70.00 | 127.00 | NOTE |
Version: 1.1.1
Check: LazyData
Result: NOTE
'LazyData' is specified without a 'data' directory
Flavors: r-devel-linux-x86_64-debian-clang, r-devel-linux-x86_64-debian-gcc, r-devel-linux-x86_64-fedora-clang, r-devel-linux-x86_64-fedora-gcc, r-devel-windows-x86_64, r-patched-linux-x86_64, r-release-linux-x86_64, r-release-macos-arm64, r-release-macos-x86_64, r-release-windows-x86_64, r-oldrel-macos-arm64, r-oldrel-macos-x86_64, r-oldrel-windows-x86_64