Last updated on 2024-07-01 03:49:13 CEST.
Flavor | Version | Tinstall | Tcheck | Ttotal | Status | Flags |
---|---|---|---|---|---|---|
r-devel-linux-x86_64-debian-clang | 1.0.8 | 45.55 | 164.88 | 210.43 | NOTE | |
r-devel-linux-x86_64-debian-gcc | 1.0.8 | 43.95 | 114.93 | 158.88 | NOTE | |
r-devel-linux-x86_64-fedora-clang | 1.0.8 | 277.93 | NOTE | |||
r-devel-linux-x86_64-fedora-gcc | 1.0.8 | 262.48 | NOTE | |||
r-devel-windows-x86_64 | 1.0.8 | 47.00 | 120.00 | 167.00 | NOTE | |
r-patched-linux-x86_64 | 1.0.8 | 32.48 | 154.25 | 186.73 | OK | |
r-release-linux-x86_64 | 1.0.8 | 35.06 | 155.35 | 190.41 | OK | |
r-release-macos-arm64 | 1.0.8 | 62.00 | OK | |||
r-release-macos-x86_64 | 1.0.8 | 103.00 | OK | |||
r-release-windows-x86_64 | 1.0.8 | 46.00 | 120.00 | 166.00 | OK | |
r-oldrel-macos-arm64 | 1.0.8 | 71.00 | OK | |||
r-oldrel-macos-x86_64 | 1.0.8 | 159.00 | OK | |||
r-oldrel-windows-x86_64 | 1.0.8 | 60.00 | 152.00 | 212.00 | OK |
Version: 1.0.8
Check: compiled code
Result: NOTE
File ‘RFpredInterval/libs/RFpredInterval.so’:
Found non-API call to R: ‘STRING_PTR’
Compiled code should not call non-API entry points in R.
See ‘Writing portable packages’ in the ‘Writing R Extensions’ manual.
See section ‘Moving into C API compliance’ in the ‘Writing R
Extensions’ manual for issues with use of non-API entry points.
Flavors: r-devel-linux-x86_64-debian-clang, r-devel-linux-x86_64-debian-gcc, r-devel-linux-x86_64-fedora-gcc
Version: 1.0.8
Check: compiled code
Result: NOTE
File ‘RFpredInterval/libs/RFpredInterval.so’:
Found non-API call to R: ‘STRING_PTR’
Compiled code should not call non-API entry points in R.
See ‘Writing portable packages’ in the ‘Writing R Extensions’ manual,
and section ‘Moving into C API compliance’ for issues with the use of
non-API entry points.
Flavor: r-devel-linux-x86_64-fedora-clang
Version: 1.0.8
Check: compiled code
Result: NOTE
File 'RFpredInterval/libs/x64/RFpredInterval.dll':
Found non-API call to R: 'STRING_PTR'
Compiled code should not call non-API entry points in R.
See 'Writing portable packages' in the 'Writing R Extensions' manual.
See section 'Moving into C API compliance' in the 'Writing R
Extensions' manual for issues with use of non-API entry points.
Flavor: r-devel-windows-x86_64