Last updated on 2024-07-01 03:49:13 CEST.
Flavor | Version | Tinstall | Tcheck | Ttotal | Status | Flags |
---|---|---|---|---|---|---|
r-devel-linux-x86_64-debian-clang | 0.6.9 | 129.14 | 69.81 | 198.95 | OK | |
r-devel-linux-x86_64-debian-gcc | 0.6.9 | 91.41 | 52.02 | 143.43 | OK | |
r-devel-linux-x86_64-fedora-clang | 0.6.9 | 302.47 | OK | |||
r-devel-linux-x86_64-fedora-gcc | 0.6.9 | 291.37 | OK | |||
r-devel-windows-x86_64 | 0.6.9 | 120.00 | 88.00 | 208.00 | OK | |
r-patched-linux-x86_64 | 0.6.9 | 111.87 | 66.54 | 178.41 | OK | |
r-release-linux-x86_64 | 0.6.9 | 84.52 | 65.43 | 149.95 | OK | |
r-release-macos-arm64 | 0.6.9 | 70.00 | NOTE | |||
r-release-macos-x86_64 | 0.6.9 | 73.00 | NOTE | |||
r-release-windows-x86_64 | 0.6.9 | 129.00 | 94.00 | 223.00 | OK | |
r-oldrel-macos-arm64 | 0.6.9 | 75.00 | NOTE | |||
r-oldrel-macos-x86_64 | 0.6.9 | 101.00 | NOTE | |||
r-oldrel-windows-x86_64 | 0.6.9 | 149.00 | 113.00 | 262.00 | OK |
Version: 0.6.9
Check: installed package size
Result: NOTE
installed size is 13.4Mb
sub-directories of 1Mb or more:
libs 13.1Mb
Flavors: r-release-macos-arm64, r-release-macos-x86_64, r-oldrel-macos-arm64, r-oldrel-macos-x86_64