Last updated on 2024-07-01 03:49:12 CEST.
Flavor | Version | Tinstall | Tcheck | Ttotal | Status | Flags |
---|---|---|---|---|---|---|
r-devel-linux-x86_64-debian-clang | 1.2.2 | 55.10 | 28.55 | 83.65 | NOTE | |
r-devel-linux-x86_64-debian-gcc | 1.2.2 | 46.98 | 22.52 | 69.50 | NOTE | |
r-devel-linux-x86_64-fedora-clang | 1.2.2 | 114.82 | NOTE | |||
r-devel-linux-x86_64-fedora-gcc | 1.2.2 | 166.91 | NOTE | |||
r-devel-windows-x86_64 | 1.2.2 | 59.00 | 59.00 | 118.00 | NOTE | |
r-patched-linux-x86_64 | 1.2.2 | 61.29 | 27.44 | 88.73 | NOTE | |
r-release-linux-x86_64 | 1.2.2 | 63.21 | 27.27 | 90.48 | NOTE | |
r-release-macos-arm64 | 1.2.2 | 67.00 | NOTE | |||
r-release-macos-x86_64 | 1.2.2 | 155.00 | NOTE | |||
r-release-windows-x86_64 | 1.2.2 | 63.00 | 59.00 | 122.00 | NOTE | |
r-oldrel-macos-arm64 | 1.2.2 | 76.00 | NOTE | |||
r-oldrel-macos-x86_64 | 1.2.2 | 153.00 | NOTE | |||
r-oldrel-windows-x86_64 | 1.2.2 | 60.00 | 63.00 | 123.00 | NOTE |
Version: 1.2.2
Check: for GNU extensions in Makefiles
Result: NOTE
GNU make is a SystemRequirements.
Flavors: r-devel-linux-x86_64-debian-clang, r-devel-linux-x86_64-debian-gcc, r-devel-linux-x86_64-fedora-clang, r-devel-linux-x86_64-fedora-gcc, r-devel-windows-x86_64, r-patched-linux-x86_64, r-release-linux-x86_64, r-release-macos-arm64, r-release-macos-x86_64, r-release-windows-x86_64, r-oldrel-macos-arm64, r-oldrel-macos-x86_64, r-oldrel-windows-x86_64
Version: 1.2.2
Check: compiled code
Result: NOTE
File ‘QuickJSR/libs/QuickJSR.so’:
Found non-API call to R: ‘Rf_findVarInFrame3’
Compiled code should not call non-API entry points in R.
See ‘Writing portable packages’ in the ‘Writing R Extensions’ manual.
See section ‘Moving into C API compliance’ in the ‘Writing R
Extensions’ manual for issues with use of non-API entry points.
Flavors: r-devel-linux-x86_64-debian-clang, r-devel-linux-x86_64-debian-gcc, r-devel-linux-x86_64-fedora-gcc
Version: 1.2.2
Check: compiled code
Result: NOTE
File ‘QuickJSR/libs/QuickJSR.so’:
Found non-API call to R: ‘Rf_findVarInFrame3’
Compiled code should not call non-API entry points in R.
See ‘Writing portable packages’ in the ‘Writing R Extensions’ manual,
and section ‘Moving into C API compliance’ for issues with the use of
non-API entry points.
Flavor: r-devel-linux-x86_64-fedora-clang
Version: 1.2.2
Check: compiled code
Result: NOTE
File 'QuickJSR/libs/x64/QuickJSR.dll':
Found non-API call to R: 'Rf_findVarInFrame3'
Compiled code should not call non-API entry points in R.
See 'Writing portable packages' in the 'Writing R Extensions' manual.
See section 'Moving into C API compliance' in the 'Writing R
Extensions' manual for issues with use of non-API entry points.
Flavor: r-devel-windows-x86_64
Version: 1.2.2
Check: installed package size
Result: NOTE
installed size is 12.0Mb
sub-directories of 1Mb or more:
lib 5.3Mb
libs 6.0Mb
Flavors: r-release-macos-arm64, r-release-macos-x86_64, r-oldrel-macos-arm64, r-oldrel-macos-x86_64