Last updated on 2024-07-01 03:49:12 CEST.
Flavor | Version | Tinstall | Tcheck | Ttotal | Status | Flags |
---|---|---|---|---|---|---|
r-devel-linux-x86_64-debian-clang | 1.2.0 | 247.33 | 124.89 | 372.22 | OK | |
r-devel-linux-x86_64-debian-gcc | 1.2.0 | 233.41 | 89.98 | 323.39 | OK | |
r-devel-linux-x86_64-fedora-clang | 1.2.0 | 471.64 | OK | |||
r-devel-linux-x86_64-fedora-gcc | 1.2.0 | 599.94 | OK | |||
r-devel-windows-x86_64 | 1.2.0 | 187.00 | 147.00 | 334.00 | NOTE | |
r-patched-linux-x86_64 | 1.2.0 | 182.34 | 117.17 | 299.51 | OK | |
r-release-linux-x86_64 | 1.2.0 | 203.54 | 118.09 | 321.63 | OK | |
r-release-macos-arm64 | 1.2.0 | 130.00 | NOTE | |||
r-release-macos-x86_64 | 1.2.0 | 172.00 | NOTE | |||
r-release-windows-x86_64 | 1.2.0 | 193.00 | 153.00 | 346.00 | NOTE | |
r-oldrel-macos-arm64 | 1.2.0 | 115.00 | NOTE | |||
r-oldrel-macos-x86_64 | 1.2.0 | 320.00 | NOTE | |||
r-oldrel-windows-x86_64 | 1.2.0 | 244.00 | 184.00 | 428.00 | NOTE |
Version: 1.2.0
Check: installed package size
Result: NOTE
installed size is 26.3Mb
sub-directories of 1Mb or more:
libs 25.6Mb
Flavors: r-devel-windows-x86_64, r-release-macos-arm64, r-release-macos-x86_64, r-release-windows-x86_64, r-oldrel-macos-arm64, r-oldrel-macos-x86_64, r-oldrel-windows-x86_64