Last updated on 2024-07-01 03:49:12 CEST.
Flavor | Version | Tinstall | Tcheck | Ttotal | Status | Flags |
---|---|---|---|---|---|---|
r-devel-linux-x86_64-debian-clang | 0.2.0 | 53.24 | 73.09 | 126.33 | OK | |
r-devel-linux-x86_64-debian-gcc | 0.2.0 | 51.78 | 55.71 | 107.49 | OK | |
r-devel-linux-x86_64-fedora-clang | 0.2.0 | 168.95 | NOTE | |||
r-devel-linux-x86_64-fedora-gcc | 0.2.0 | 165.44 | OK | |||
r-devel-windows-x86_64 | 0.2.0 | 52.00 | 77.00 | 129.00 | NOTE | |
r-patched-linux-x86_64 | 0.2.0 | 52.65 | 69.28 | 121.93 | OK | |
r-release-linux-x86_64 | 0.2.0 | 41.55 | 68.46 | 110.01 | OK | |
r-release-macos-arm64 | 0.2.0 | 88.00 | NOTE | |||
r-release-macos-x86_64 | 0.2.0 | 214.00 | NOTE | |||
r-release-windows-x86_64 | 0.2.0 | 55.00 | 76.00 | 131.00 | NOTE | |
r-oldrel-macos-arm64 | 0.2.0 | 99.00 | NOTE | |||
r-oldrel-macos-x86_64 | 0.2.0 | 159.00 | NOTE | |||
r-oldrel-windows-x86_64 | 0.2.0 | 71.00 | 96.00 | 167.00 | NOTE |
Version: 0.2.0
Check: installed package size
Result: NOTE
installed size is 5.2Mb
sub-directories of 1Mb or more:
data 5.0Mb
Flavors: r-devel-linux-x86_64-fedora-clang, r-devel-windows-x86_64, r-release-macos-arm64, r-release-macos-x86_64, r-release-windows-x86_64, r-oldrel-macos-arm64, r-oldrel-macos-x86_64, r-oldrel-windows-x86_64