Last updated on 2024-07-01 03:49:11 CEST.
Flavor | Version | Tinstall | Tcheck | Ttotal | Status | Flags |
---|---|---|---|---|---|---|
r-devel-linux-x86_64-debian-clang | 0.9.2 | 3.96 | 50.76 | 54.72 | NOTE | |
r-devel-linux-x86_64-debian-gcc | 0.9.2 | 3.44 | 36.61 | 40.05 | NOTE | |
r-devel-linux-x86_64-fedora-clang | 0.9.2 | 66.47 | NOTE | |||
r-devel-linux-x86_64-fedora-gcc | 0.9.2 | 75.86 | NOTE | |||
r-devel-windows-x86_64 | 0.9.2 | 4.00 | 65.00 | 69.00 | NOTE | |
r-patched-linux-x86_64 | 0.9.2 | 3.88 | 47.98 | 51.86 | NOTE | |
r-release-linux-x86_64 | 0.9.2 | 4.02 | 47.57 | 51.59 | NOTE | |
r-release-macos-arm64 | 0.9.2 | 29.00 | NOTE | |||
r-release-macos-x86_64 | 0.9.2 | 45.00 | NOTE | |||
r-release-windows-x86_64 | 0.9.2 | 4.00 | 66.00 | 70.00 | NOTE | |
r-oldrel-macos-arm64 | 0.9.2 | 30.00 | OK | |||
r-oldrel-macos-x86_64 | 0.9.2 | 45.00 | OK | |||
r-oldrel-windows-x86_64 | 0.9.2 | 4.00 | 72.00 | 76.00 | OK |
Version: 0.9.2
Check: Rd files
Result: NOTE
checkRd: (-1) inputData.Rd:94: Lost braces
94 | recommend using either \sQuote{code{.}} (a period) or
| ^
checkRd: (-1) inputData.Rd:95: Lost braces
95 | \sQuote{code{_}} (an underscore) rather than a space.
| ^
checkRd: (-1) preprocessData.Rd:81: Lost braces
81 | recommend using either \sQuote{code{.}} (a period) or
| ^
checkRd: (-1) preprocessData.Rd:82: Lost braces
82 | \sQuote{code{_}} (an underscore) rather than a space.
| ^
Flavors: r-devel-linux-x86_64-debian-clang, r-devel-linux-x86_64-debian-gcc, r-devel-linux-x86_64-fedora-clang, r-devel-linux-x86_64-fedora-gcc, r-devel-windows-x86_64, r-patched-linux-x86_64, r-release-linux-x86_64, r-release-macos-arm64, r-release-macos-x86_64, r-release-windows-x86_64