Last updated on 2024-07-01 03:49:11 CEST.
Flavor | Version | Tinstall | Tcheck | Ttotal | Status | Flags |
---|---|---|---|---|---|---|
r-devel-linux-x86_64-debian-clang | 1.7.1 | 36.52 | 53.16 | 89.68 | OK | |
r-devel-linux-x86_64-debian-gcc | 1.7.1 | 31.31 | 40.40 | 71.71 | OK | |
r-devel-linux-x86_64-fedora-clang | 1.7.1 | 120.22 | NOTE | |||
r-devel-linux-x86_64-fedora-gcc | 1.7.1 | 116.74 | NOTE | |||
r-devel-windows-x86_64 | 1.7.1 | 33.00 | 63.00 | 96.00 | OK | |
r-patched-linux-x86_64 | 1.7.1 | 33.05 | 51.15 | 84.20 | OK | |
r-release-linux-x86_64 | 1.7.1 | 28.13 | 49.68 | 77.81 | OK | |
r-release-macos-arm64 | 1.7.1 | 49.00 | OK | |||
r-release-macos-x86_64 | 1.7.1 | 61.00 | OK | |||
r-release-windows-x86_64 | 1.7.1 | 30.00 | 63.00 | 93.00 | OK | |
r-oldrel-macos-arm64 | 1.7.1 | 52.00 | OK | |||
r-oldrel-macos-x86_64 | 1.7.1 | 78.00 | OK | |||
r-oldrel-windows-x86_64 | 1.7.1 | 44.00 | 68.00 | 112.00 | OK |
Version: 1.7.1
Check: data for non-ASCII characters
Result: NOTE
Note: found 7256 marked UTF-8 strings
Flavors: r-devel-linux-x86_64-fedora-clang, r-devel-linux-x86_64-fedora-gcc