Last updated on 2024-07-01 03:49:11 CEST.
Flavor | Version | Tinstall | Tcheck | Ttotal | Status | Flags |
---|---|---|---|---|---|---|
r-devel-linux-x86_64-debian-clang | 0.1.6 | 8.43 | 77.41 | 85.84 | NOTE | |
r-devel-linux-x86_64-debian-gcc | 0.1.6 | 6.95 | 57.00 | 63.95 | NOTE | |
r-devel-linux-x86_64-fedora-clang | 0.1.6 | 107.12 | NOTE | |||
r-devel-linux-x86_64-fedora-gcc | 0.1.6 | 99.49 | NOTE | |||
r-devel-windows-x86_64 | 0.1.6 | 9.00 | 77.00 | 86.00 | OK | |
r-patched-linux-x86_64 | 0.1.6 | 8.57 | 71.03 | 79.60 | NOTE | |
r-release-linux-x86_64 | 0.1.6 | 5.23 | 74.44 | 79.67 | NOTE | |
r-release-macos-arm64 | 0.1.6 | 36.00 | OK | |||
r-release-macos-x86_64 | 0.1.6 | 51.00 | OK | |||
r-release-windows-x86_64 | 0.1.6 | 9.00 | 76.00 | 85.00 | OK | |
r-oldrel-macos-arm64 | 0.1.6 | 35.00 | OK | |||
r-oldrel-macos-x86_64 | 0.1.6 | 48.00 | OK | |||
r-oldrel-windows-x86_64 | 0.1.6 | 11.00 | 91.00 | 102.00 | OK |
Version: 0.1.6
Check: for non-standard things in the check directory
Result: NOTE
Found the following files/directories:
‘P2Run.csv’ ‘P2Run.html’ ‘P2Run.png’
Flavors: r-devel-linux-x86_64-debian-clang, r-devel-linux-x86_64-debian-gcc, r-devel-linux-x86_64-fedora-clang, r-devel-linux-x86_64-fedora-gcc, r-patched-linux-x86_64, r-release-linux-x86_64