Last updated on 2024-07-01 03:49:10 CEST.
Flavor | Version | Tinstall | Tcheck | Ttotal | Status | Flags |
---|---|---|---|---|---|---|
r-devel-linux-x86_64-debian-clang | 1.0.4 | 418.30 | 140.60 | 558.90 | OK | |
r-devel-linux-x86_64-debian-gcc | 1.0.4 | 305.07 | 109.00 | 414.07 | OK | |
r-devel-linux-x86_64-fedora-clang | 1.0.4 | 762.17 | NOTE | |||
r-devel-linux-x86_64-fedora-gcc | 1.0.4 | 879.64 | OK | |||
r-devel-windows-x86_64 | 1.0.4 | 309.00 | 208.00 | 517.00 | NOTE | |
r-patched-linux-x86_64 | 1.0.4 | 369.77 | 139.86 | 509.63 | OK | |
r-release-linux-x86_64 | 1.0.4 | 347.89 | 137.99 | 485.88 | OK | |
r-release-macos-arm64 | 1.0.4 | 188.00 | NOTE | |||
r-release-macos-x86_64 | 1.0.4 | 183.00 | NOTE | |||
r-release-windows-x86_64 | 1.0.4 | 302.00 | 202.00 | 504.00 | NOTE | |
r-oldrel-macos-arm64 | 1.0.4 | 187.00 | NOTE | |||
r-oldrel-macos-x86_64 | 1.0.4 | 240.00 | NOTE | |||
r-oldrel-windows-x86_64 | 1.0.4 | 373.00 | 223.00 | 596.00 | NOTE |
Version: 1.0.4
Check: installed package size
Result: NOTE
installed size is 5.9Mb
sub-directories of 1Mb or more:
doc 3.1Mb
libs 2.5Mb
Flavors: r-devel-linux-x86_64-fedora-clang, r-devel-windows-x86_64, r-release-macos-arm64, r-release-macos-x86_64, r-release-windows-x86_64, r-oldrel-macos-arm64, r-oldrel-macos-x86_64, r-oldrel-windows-x86_64