Last updated on 2024-07-01 03:49:11 CEST.
Flavor | Version | Tinstall | Tcheck | Ttotal | Status | Flags |
---|---|---|---|---|---|---|
r-devel-linux-x86_64-debian-clang | 1.2.1 | 58.23 | 70.93 | 129.16 | NOTE | |
r-devel-linux-x86_64-debian-gcc | 1.2.1 | 41.12 | 53.22 | 94.34 | NOTE | |
r-devel-linux-x86_64-fedora-clang | 1.2.1 | 171.96 | NOTE | |||
r-devel-linux-x86_64-fedora-gcc | 1.2.1 | 172.06 | NOTE | |||
r-devel-windows-x86_64 | 1.2.1 | 46.00 | 89.00 | 135.00 | NOTE | |
r-patched-linux-x86_64 | 1.2.1 | 44.30 | 66.12 | 110.42 | NOTE | |
r-release-linux-x86_64 | 1.2.1 | 49.58 | 65.50 | 115.08 | NOTE | |
r-release-macos-arm64 | 1.2.1 | 44.00 | NOTE | |||
r-release-macos-x86_64 | 1.2.1 | 60.00 | NOTE | |||
r-release-windows-x86_64 | 1.2.1 | 45.00 | 90.00 | 135.00 | NOTE | |
r-oldrel-macos-arm64 | 1.2.1 | 53.00 | NOTE | |||
r-oldrel-macos-x86_64 | 1.2.1 | 84.00 | NOTE | |||
r-oldrel-windows-x86_64 | 1.2.1 | 55.00 | 108.00 | 163.00 | NOTE |
Version: 1.2.1
Check: C++ specification
Result: NOTE
Specified C++11: please drop specification unless essential
Flavors: r-devel-linux-x86_64-debian-clang, r-devel-linux-x86_64-debian-gcc, r-devel-linux-x86_64-fedora-clang, r-devel-linux-x86_64-fedora-gcc, r-devel-windows-x86_64, r-patched-linux-x86_64, r-release-linux-x86_64, r-release-macos-arm64, r-release-macos-x86_64, r-release-windows-x86_64, r-oldrel-macos-arm64, r-oldrel-macos-x86_64, r-oldrel-windows-x86_64