Last updated on 2024-07-01 03:49:11 CEST.
Flavor | Version | Tinstall | Tcheck | Ttotal | Status | Flags |
---|---|---|---|---|---|---|
r-devel-linux-x86_64-debian-clang | 2.1.7 | 42.01 | 234.76 | 276.77 | NOTE | |
r-devel-linux-x86_64-debian-gcc | 2.1.7 | 37.54 | 170.96 | 208.50 | NOTE | |
r-devel-linux-x86_64-fedora-clang | 2.1.7 | 351.46 | NOTE | |||
r-devel-linux-x86_64-fedora-gcc | 2.1.7 | 325.36 | NOTE | |||
r-devel-windows-x86_64 | 2.1.7 | 41.00 | 191.00 | 232.00 | NOTE | |
r-patched-linux-x86_64 | 2.1.7 | 42.47 | 222.04 | 264.51 | NOTE | |
r-release-linux-x86_64 | 2.1.7 | 40.23 | 226.50 | 266.73 | NOTE | |
r-release-macos-arm64 | 2.1.7 | 94.00 | NOTE | |||
r-release-macos-x86_64 | 2.1.7 | 148.00 | NOTE | |||
r-release-windows-x86_64 | 2.1.7 | 38.00 | 194.00 | 232.00 | NOTE | |
r-oldrel-macos-arm64 | 2.1.7 | 108.00 | NOTE | |||
r-oldrel-macos-x86_64 | 2.1.7 | 177.00 | NOTE | |||
r-oldrel-windows-x86_64 | 2.1.7 | 48.00 | 248.00 | 296.00 | NOTE |
Version: 2.1.7
Check: C++ specification
Result: NOTE
Specified C++11: please drop specification unless essential
Flavors: r-devel-linux-x86_64-debian-clang, r-devel-linux-x86_64-debian-gcc, r-devel-linux-x86_64-fedora-clang, r-devel-linux-x86_64-fedora-gcc, r-devel-windows-x86_64, r-patched-linux-x86_64, r-release-linux-x86_64, r-release-macos-arm64, r-release-macos-x86_64, r-release-windows-x86_64, r-oldrel-macos-arm64, r-oldrel-macos-x86_64, r-oldrel-windows-x86_64
Version: 2.1.7
Check: Rd files
Result: NOTE
checkRd: (-1) summary.POUMM.Rd:28: Lost braces; missing escapes or markup?
28 | \item{stats}{a named list of functions of the form function(par) { number },
| ^
Flavors: r-devel-linux-x86_64-debian-clang, r-devel-linux-x86_64-debian-gcc, r-devel-linux-x86_64-fedora-clang, r-devel-linux-x86_64-fedora-gcc, r-devel-windows-x86_64, r-patched-linux-x86_64, r-release-linux-x86_64, r-release-macos-arm64, r-release-macos-x86_64, r-release-windows-x86_64
Version: 2.1.7
Check: installed package size
Result: NOTE
installed size is 7.2Mb
sub-directories of 1Mb or more:
libs 6.5Mb
Flavors: r-release-macos-arm64, r-release-macos-x86_64, r-oldrel-macos-arm64, r-oldrel-macos-x86_64