Last updated on 2024-07-01 03:49:10 CEST.
Flavor | Version | Tinstall | Tcheck | Ttotal | Status | Flags |
---|---|---|---|---|---|---|
r-devel-linux-x86_64-debian-clang | 1.0.7 | 66.00 | 264.40 | 330.40 | OK | |
r-devel-linux-x86_64-debian-gcc | 1.0.7 | 52.57 | 189.55 | 242.12 | OK | |
r-devel-linux-x86_64-fedora-clang | 1.0.7 | 428.77 | OK | |||
r-devel-linux-x86_64-fedora-gcc | 1.0.7 | 441.85 | OK | |||
r-devel-windows-x86_64 | 1.0.7 | 58.00 | 193.00 | 251.00 | OK | |
r-patched-linux-x86_64 | 1.0.7 | 64.34 | 248.99 | 313.33 | OK | |
r-release-linux-x86_64 | 1.0.7 | 70.99 | 259.26 | 330.25 | OK | |
r-release-macos-arm64 | 1.0.7 | 82.00 | NOTE | |||
r-release-macos-x86_64 | 1.0.7 | 141.00 | NOTE | |||
r-release-windows-x86_64 | 1.0.7 | 57.00 | 192.00 | 249.00 | OK | |
r-oldrel-macos-arm64 | 1.0.7 | 104.00 | NOTE | |||
r-oldrel-macos-x86_64 | 1.0.7 | 355.00 | NOTE | |||
r-oldrel-windows-x86_64 | 1.0.7 | 70.00 | 278.00 | 348.00 | OK |
Version: 1.0.7
Check: installed package size
Result: NOTE
installed size is 10.1Mb
sub-directories of 1Mb or more:
libs 9.5Mb
Flavors: r-release-macos-arm64, r-release-macos-x86_64, r-oldrel-macos-arm64, r-oldrel-macos-x86_64