Last updated on 2024-07-01 03:49:10 CEST.
Flavor | Version | Tinstall | Tcheck | Ttotal | Status | Flags |
---|---|---|---|---|---|---|
r-devel-linux-x86_64-debian-clang | 0.1.0 | 5.89 | 48.45 | 54.34 | NOTE | |
r-devel-linux-x86_64-debian-gcc | 0.1.0 | 3.81 | 36.54 | 40.35 | NOTE | |
r-devel-linux-x86_64-fedora-clang | 0.1.0 | 68.51 | NOTE | |||
r-devel-linux-x86_64-fedora-gcc | 0.1.0 | 76.09 | NOTE | |||
r-devel-windows-x86_64 | 0.1.0 | 6.00 | 57.00 | 63.00 | NOTE | |
r-patched-linux-x86_64 | 0.1.0 | 4.91 | 45.85 | 50.76 | NOTE | |
r-release-linux-x86_64 | 0.1.0 | 5.03 | 47.01 | 52.04 | NOTE | |
r-release-macos-arm64 | 0.1.0 | 28.00 | NOTE | |||
r-release-macos-x86_64 | 0.1.0 | 45.00 | NOTE | |||
r-release-windows-x86_64 | 0.1.0 | 6.00 | 58.00 | 64.00 | NOTE | |
r-oldrel-macos-arm64 | 0.1.0 | 35.00 | NOTE | |||
r-oldrel-macos-x86_64 | 0.1.0 | 45.00 | NOTE | |||
r-oldrel-windows-x86_64 | 0.1.0 | 7.00 | 62.00 | 69.00 | NOTE |
Version: 0.1.0
Check: LazyData
Result: NOTE
'LazyData' is specified without a 'data' directory
Flavors: r-devel-linux-x86_64-debian-clang, r-devel-linux-x86_64-debian-gcc, r-devel-linux-x86_64-fedora-clang, r-devel-linux-x86_64-fedora-gcc, r-devel-windows-x86_64, r-patched-linux-x86_64, r-release-linux-x86_64, r-release-macos-arm64, r-release-macos-x86_64, r-release-windows-x86_64, r-oldrel-macos-arm64, r-oldrel-macos-x86_64, r-oldrel-windows-x86_64