Last updated on 2024-07-01 03:49:09 CEST.
Flavor | Version | Tinstall | Tcheck | Ttotal | Status | Flags |
---|---|---|---|---|---|---|
r-devel-linux-x86_64-debian-clang | 1.2.4 | 73.36 | 115.04 | 188.40 | NOTE | |
r-devel-linux-x86_64-debian-gcc | 1.2.4 | 41.20 | 87.31 | 128.51 | NOTE | |
r-devel-linux-x86_64-fedora-clang | 1.2.4 | 254.61 | NOTE | |||
r-devel-linux-x86_64-fedora-gcc | 1.2.4 | 249.87 | NOTE | |||
r-devel-windows-x86_64 | 1.2.4 | 53.00 | 117.00 | 170.00 | NOTE | |
r-patched-linux-x86_64 | 1.2.4 | 52.45 | 109.61 | 162.06 | NOTE | |
r-release-linux-x86_64 | 1.2.4 | 35.45 | 108.32 | 143.77 | NOTE | |
r-release-macos-arm64 | 1.2.4 | 68.00 | NOTE | |||
r-release-macos-x86_64 | 1.2.4 | 142.00 | NOTE | |||
r-release-windows-x86_64 | 1.2.4 | 54.00 | 115.00 | 169.00 | NOTE | |
r-oldrel-macos-arm64 | 1.2.4 | 72.00 | NOTE | |||
r-oldrel-macos-x86_64 | 1.2.4 | 113.00 | NOTE | |||
r-oldrel-windows-x86_64 | 1.2.4 | 63.00 | 139.00 | 202.00 | NOTE |
Version: 1.2.4
Check: C++ specification
Result: NOTE
Specified C++11: please drop specification unless essential
Flavors: r-devel-linux-x86_64-debian-clang, r-devel-linux-x86_64-debian-gcc, r-devel-linux-x86_64-fedora-clang, r-devel-linux-x86_64-fedora-gcc, r-devel-windows-x86_64, r-patched-linux-x86_64, r-release-linux-x86_64, r-release-macos-arm64, r-release-macos-x86_64, r-release-windows-x86_64, r-oldrel-macos-arm64, r-oldrel-macos-x86_64, r-oldrel-windows-x86_64