Last updated on 2024-07-01 03:49:09 CEST.
Flavor | Version | Tinstall | Tcheck | Ttotal | Status | Flags |
---|---|---|---|---|---|---|
r-devel-linux-x86_64-debian-clang | 1.0.3 | 20.14 | 104.24 | 124.38 | NOTE | |
r-devel-linux-x86_64-debian-gcc | 1.0.3 | 17.01 | 76.01 | 93.02 | NOTE | |
r-devel-linux-x86_64-fedora-clang | 1.0.3 | 165.40 | NOTE | |||
r-devel-linux-x86_64-fedora-gcc | 1.0.3 | 146.99 | NOTE | |||
r-devel-windows-x86_64 | 1.0.3 | 22.00 | 137.00 | 159.00 | NOTE | |
r-patched-linux-x86_64 | 1.0.3 | 21.74 | 98.24 | 119.98 | NOTE | |
r-release-linux-x86_64 | 1.0.3 | 18.87 | 96.38 | 115.25 | NOTE | |
r-release-macos-arm64 | 1.0.3 | 45.00 | NOTE | |||
r-release-macos-x86_64 | 1.0.3 | 66.00 | NOTE | |||
r-release-windows-x86_64 | 1.0.3 | 22.00 | 134.00 | 156.00 | NOTE | |
r-oldrel-macos-arm64 | 1.0.3 | 46.00 | NOTE | |||
r-oldrel-macos-x86_64 | 1.0.3 | 110.00 | NOTE | |||
r-oldrel-windows-x86_64 | 1.0.3 | 28.00 | 157.00 | 185.00 | NOTE |
Version: 1.0.3
Check: package dependencies
Result: NOTE
Packages which this enhances but not available for checking:
'NGCHMDemoData', 'NGCHMSupportFiles'
Flavors: r-devel-linux-x86_64-debian-clang, r-devel-linux-x86_64-debian-gcc, r-devel-linux-x86_64-fedora-clang, r-devel-linux-x86_64-fedora-gcc, r-devel-windows-x86_64, r-patched-linux-x86_64, r-release-linux-x86_64, r-release-macos-arm64, r-release-macos-x86_64, r-release-windows-x86_64, r-oldrel-macos-arm64, r-oldrel-macos-x86_64, r-oldrel-windows-x86_64