Last updated on 2024-07-01 03:49:09 CEST.
Flavor | Version | Tinstall | Tcheck | Ttotal | Status | Flags |
---|---|---|---|---|---|---|
r-devel-linux-x86_64-debian-clang | 2.0.0 | 7.54 | 68.18 | 75.72 | NOTE | |
r-devel-linux-x86_64-debian-gcc | 2.0.0 | 5.48 | 50.76 | 56.24 | NOTE | |
r-devel-linux-x86_64-fedora-clang | 2.0.0 | 92.27 | NOTE | |||
r-devel-linux-x86_64-fedora-gcc | 2.0.0 | 88.60 | NOTE | |||
r-devel-windows-x86_64 | 2.0.0 | 7.00 | 64.00 | 71.00 | NOTE | |
r-patched-linux-x86_64 | 2.0.0 | 7.59 | 64.24 | 71.83 | NOTE | |
r-release-linux-x86_64 | 2.0.0 | 7.27 | 64.81 | 72.08 | NOTE | |
r-release-macos-arm64 | 2.0.0 | 29.00 | NOTE | |||
r-release-macos-x86_64 | 2.0.0 | 45.00 | NOTE | |||
r-release-windows-x86_64 | 2.0.0 | 7.00 | 65.00 | 72.00 | NOTE | |
r-oldrel-macos-arm64 | 2.0.0 | 33.00 | NOTE | |||
r-oldrel-macos-x86_64 | 2.0.0 | 52.00 | NOTE | |||
r-oldrel-windows-x86_64 | 2.0.0 | 9.00 | 76.00 | 85.00 | NOTE |
Version: 2.0.0
Check: LazyData
Result: NOTE
'LazyData' is specified without a 'data' directory
Flavors: r-devel-linux-x86_64-debian-clang, r-devel-linux-x86_64-debian-gcc, r-devel-linux-x86_64-fedora-clang, r-devel-linux-x86_64-fedora-gcc, r-devel-windows-x86_64, r-patched-linux-x86_64, r-release-linux-x86_64, r-release-macos-arm64, r-release-macos-x86_64, r-release-windows-x86_64, r-oldrel-macos-arm64, r-oldrel-macos-x86_64, r-oldrel-windows-x86_64