Last updated on 2024-07-02 15:50:45 CEST.
Flavor | Version | Tinstall | Tcheck | Ttotal | Status | Flags |
---|---|---|---|---|---|---|
r-devel-linux-x86_64-debian-clang | 1.0.1 | 3.84 | 18.62 | 22.46 | NOTE | |
r-devel-linux-x86_64-debian-gcc | 1.0.1 | 2.38 | 14.99 | 17.37 | NOTE | |
r-devel-linux-x86_64-fedora-clang | 1.0.1 | 27.10 | NOTE | |||
r-devel-linux-x86_64-fedora-gcc | 1.0.1 | 25.50 | NOTE | |||
r-devel-windows-x86_64 | 1.0.1 | 4.00 | 40.00 | 44.00 | NOTE | |
r-patched-linux-x86_64 | 1.0.1 | 3.70 | 18.75 | 22.45 | NOTE | |
r-release-linux-x86_64 | 1.0.1 | 2.90 | 18.97 | 21.87 | NOTE | |
r-release-macos-arm64 | 1.0.1 | 13.00 | NOTE | |||
r-release-macos-x86_64 | 1.0.1 | 19.00 | NOTE | |||
r-release-windows-x86_64 | 1.0.1 | 5.00 | 33.00 | 38.00 | NOTE | |
r-oldrel-macos-arm64 | 1.0.1 | 16.00 | NOTE | |||
r-oldrel-macos-x86_64 | 1.0.1 | 18.00 | NOTE | |||
r-oldrel-windows-x86_64 | 1.0.1 | 4.00 | 33.00 | 37.00 | NOTE |
Version: 1.0.1
Check: Rd files
Result: NOTE
checkRd: (-1) M36NT2PM.dat.Rd:37: Lost braces in \itemize; meant \describe ?
checkRd: (-1) M36NT2PM.dat.Rd:38: Lost braces in \itemize; meant \describe ?
Flavors: r-devel-linux-x86_64-debian-clang, r-devel-linux-x86_64-debian-gcc, r-devel-linux-x86_64-fedora-clang, r-devel-linux-x86_64-fedora-gcc, r-devel-windows-x86_64, r-patched-linux-x86_64, r-release-linux-x86_64, r-release-macos-arm64, r-release-macos-x86_64, r-release-windows-x86_64
Version: 1.0.1
Check: LazyData
Result: NOTE
'LazyData' is specified without a 'data' directory
Flavors: r-devel-linux-x86_64-debian-clang, r-devel-linux-x86_64-debian-gcc, r-devel-linux-x86_64-fedora-clang, r-devel-linux-x86_64-fedora-gcc, r-devel-windows-x86_64, r-patched-linux-x86_64, r-release-linux-x86_64, r-release-macos-arm64, r-release-macos-x86_64, r-release-windows-x86_64, r-oldrel-macos-arm64, r-oldrel-macos-x86_64, r-oldrel-windows-x86_64
Version: 1.0.1
Check: installed package size
Result: NOTE
installed size is 16.3Mb
sub-directories of 1Mb or more:
extdata 16.2Mb
Flavors: r-devel-linux-x86_64-fedora-clang, r-devel-windows-x86_64, r-release-macos-arm64, r-release-macos-x86_64, r-release-windows-x86_64, r-oldrel-macos-arm64, r-oldrel-macos-x86_64, r-oldrel-windows-x86_64