Last updated on 2024-07-01 03:49:09 CEST.
Flavor | Version | Tinstall | Tcheck | Ttotal | Status | Flags |
---|---|---|---|---|---|---|
r-devel-linux-x86_64-debian-clang | 0.1.0 | 25.82 | 182.98 | 208.80 | OK | |
r-devel-linux-x86_64-debian-gcc | 0.1.0 | 17.68 | 131.51 | 149.19 | OK | |
r-devel-linux-x86_64-fedora-clang | 0.1.0 | 267.43 | NOTE | |||
r-devel-linux-x86_64-fedora-gcc | 0.1.0 | 249.12 | OK | |||
r-devel-windows-x86_64 | 0.1.0 | 20.00 | 128.00 | 148.00 | OK | |
r-patched-linux-x86_64 | 0.1.0 | 17.58 | 171.19 | 188.77 | OK | |
r-release-linux-x86_64 | 0.1.0 | 19.57 | 172.91 | 192.48 | OK | |
r-release-macos-arm64 | 0.1.0 | 66.00 | OK | |||
r-release-macos-x86_64 | 0.1.0 | 94.00 | OK | |||
r-release-windows-x86_64 | 0.1.0 | 21.00 | 130.00 | 151.00 | OK | |
r-oldrel-macos-arm64 | 0.1.0 | 71.00 | OK | |||
r-oldrel-macos-x86_64 | 0.1.0 | 120.00 | OK | |||
r-oldrel-windows-x86_64 | 0.1.0 | 26.00 | 166.00 | 192.00 | OK |
Version: 0.1.0
Check: package dependencies
Result: NOTE
Imports includes 21 non-default packages.
Importing from so many packages makes the package vulnerable to any of
them becoming unavailable. Move as many as possible to Suggests and
use conditionally.
Flavor: r-devel-linux-x86_64-fedora-clang