Last updated on 2024-07-01 03:49:07 CEST.
Flavor | Version | Tinstall | Tcheck | Ttotal | Status | Flags |
---|---|---|---|---|---|---|
r-devel-linux-x86_64-debian-clang | 0.1.0 | 7.17 | 104.51 | 111.68 | OK | |
r-devel-linux-x86_64-debian-gcc | 0.1.0 | 6.59 | 75.83 | 82.42 | OK | |
r-devel-linux-x86_64-fedora-clang | 0.1.0 | 140.22 | OK | |||
r-devel-linux-x86_64-fedora-gcc | 0.1.0 | 141.56 | OK | |||
r-devel-windows-x86_64 | 0.1.0 | 9.00 | 122.00 | 131.00 | OK | |
r-patched-linux-x86_64 | 0.1.0 | 6.57 | 101.03 | 107.60 | OK | |
r-release-linux-x86_64 | 0.1.0 | 7.81 | 99.95 | 107.76 | OK | |
r-release-macos-arm64 | 0.1.0 | 45.00 | OK | |||
r-release-macos-x86_64 | 0.1.0 | 66.00 | OK | |||
r-release-windows-x86_64 | 0.1.0 | 9.00 | 114.00 | 123.00 | OK | |
r-oldrel-macos-arm64 | 9.00 | ERROR | ||||
r-oldrel-macos-x86_64 | 0.1.0 | 11.00 | ERROR | |||
r-oldrel-windows-x86_64 | 0.1.0 | 11.00 | 132.00 | 143.00 | OK |
Version: 0.1.0
Check: package dependencies
Result: ERROR
Package required but not available: ‘microbiome’
See section ‘The DESCRIPTION file’ in the ‘Writing R Extensions’
manual.
Flavors: r-oldrel-macos-arm64, r-oldrel-macos-x86_64