Last updated on 2024-07-01 03:49:07 CEST.
Flavor | Version | Tinstall | Tcheck | Ttotal | Status | Flags |
---|---|---|---|---|---|---|
r-devel-linux-x86_64-debian-clang | 1.4.5 | 18.55 | 202.15 | 220.70 | OK | |
r-devel-linux-x86_64-debian-gcc | 1.4.5 | 14.97 | 146.25 | 161.22 | OK | |
r-devel-linux-x86_64-fedora-clang | 1.4.5 | 278.75 | OK | |||
r-devel-linux-x86_64-fedora-gcc | 1.4.5 | 274.41 | OK | |||
r-devel-windows-x86_64 | 1.4.5 | 18.00 | 147.00 | 165.00 | OK | |
r-patched-linux-x86_64 | 1.4.5 | 11.98 | 185.83 | 197.81 | OK | |
r-release-linux-x86_64 | 1.4.5 | 14.51 | 192.69 | 207.20 | OK | |
r-release-macos-arm64 | 1.4.5 | 75.00 | OK | |||
r-release-macos-x86_64 | 1.4.5 | 129.00 | OK | |||
r-release-windows-x86_64 | 1.4.5 | 18.00 | 150.00 | 168.00 | OK | |
r-oldrel-macos-arm64 | 1.4.5 | 87.00 | NOTE | |||
r-oldrel-macos-x86_64 | 1.4.5 | 161.00 | NOTE | |||
r-oldrel-windows-x86_64 | 1.4.5 | 24.00 | 197.00 | 221.00 | OK |
Version: 1.4.5
Check: package dependencies
Result: NOTE
Packages suggested but not available for checking: 'ropls', 'xcms'
Flavors: r-oldrel-macos-arm64, r-oldrel-macos-x86_64