Last updated on 2024-07-01 03:49:07 CEST.
Flavor | Version | Tinstall | Tcheck | Ttotal | Status | Flags |
---|---|---|---|---|---|---|
r-devel-linux-x86_64-debian-clang | 1.0.0 | 542.42 | 240.09 | 782.51 | NOTE | |
r-devel-linux-x86_64-debian-gcc | 1.0.0 | 452.65 | 202.33 | 654.98 | NOTE | |
r-devel-linux-x86_64-fedora-clang | 1.0.0 | 957.60 | NOTE | |||
r-devel-linux-x86_64-fedora-gcc | 1.0.0 | 1275.06 | NOTE | |||
r-devel-windows-x86_64 | 1.0.0 | 390.00 | 217.00 | 607.00 | NOTE | |
r-patched-linux-x86_64 | 1.0.0 | 371.88 | 269.17 | 641.05 | NOTE | |
r-release-linux-x86_64 | 1.0.0 | 371.19 | 269.96 | 641.15 | NOTE | |
r-release-macos-arm64 | 1.0.0 | 242.00 | NOTE | |||
r-release-macos-x86_64 | 1.0.0 | 323.00 | NOTE | |||
r-release-windows-x86_64 | 1.0.0 | 384.00 | 234.00 | 618.00 | NOTE | |
r-oldrel-macos-arm64 | 1.0.0 | 236.00 | NOTE | |||
r-oldrel-macos-x86_64 | 1.0.0 | 368.00 | NOTE | |||
r-oldrel-windows-x86_64 | 1.0.0 | 502.00 | 277.00 | 779.00 | NOTE |
Version: 1.0.0
Check: for GNU extensions in Makefiles
Result: NOTE
GNU make is a SystemRequirements.
Flavors: r-devel-linux-x86_64-debian-clang, r-devel-linux-x86_64-debian-gcc, r-devel-linux-x86_64-fedora-clang, r-devel-linux-x86_64-fedora-gcc, r-devel-windows-x86_64, r-patched-linux-x86_64, r-release-linux-x86_64, r-release-macos-arm64, r-release-macos-x86_64, r-release-windows-x86_64, r-oldrel-macos-arm64, r-oldrel-macos-x86_64, r-oldrel-windows-x86_64
Version: 1.0.0
Check: installed package size
Result: NOTE
installed size is 5.6Mb
sub-directories of 1Mb or more:
libs 5.1Mb
Flavors: r-devel-linux-x86_64-fedora-clang, r-release-macos-arm64, r-release-macos-x86_64, r-oldrel-macos-arm64, r-oldrel-macos-x86_64