Last updated on 2024-07-01 03:49:07 CEST.
Flavor | Version | Tinstall | Tcheck | Ttotal | Status | Flags |
---|---|---|---|---|---|---|
r-devel-linux-x86_64-debian-clang | 0.10.0 | 86.72 | 402.67 | 489.39 | OK | |
r-devel-linux-x86_64-debian-gcc | 0.10.0 | 58.83 | 273.72 | 332.55 | OK | |
r-devel-linux-x86_64-fedora-clang | 0.10.0 | 600.30 | OK | |||
r-devel-linux-x86_64-fedora-gcc | 0.10.0 | 579.31 | OK | |||
r-devel-windows-x86_64 | 0.10.0 | 65.00 | 281.00 | 346.00 | OK | |
r-patched-linux-x86_64 | 0.10.0 | 77.84 | 367.81 | 445.65 | OK | |
r-release-linux-x86_64 | 0.10.0 | 48.77 | 362.74 | 411.51 | OK | |
r-release-macos-arm64 | 0.10.0 | 149.00 | NOTE | |||
r-release-macos-x86_64 | 0.10.0 | 297.00 | NOTE | |||
r-release-windows-x86_64 | 0.10.0 | 64.00 | 299.00 | 363.00 | OK | |
r-oldrel-macos-arm64 | 0.10.0 | 164.00 | NOTE | |||
r-oldrel-macos-x86_64 | 0.10.0 | 349.00 | NOTE | |||
r-oldrel-windows-x86_64 | 0.10.0 | 83.00 | 379.00 | 462.00 | OK |
Version: 0.10.0
Check: installed package size
Result: NOTE
installed size is 5.2Mb
sub-directories of 1Mb or more:
libs 3.6Mb
Flavors: r-release-macos-arm64, r-release-macos-x86_64, r-oldrel-macos-arm64, r-oldrel-macos-x86_64