Last updated on 2024-07-01 03:49:07 CEST.
Flavor | Version | Tinstall | Tcheck | Ttotal | Status | Flags |
---|---|---|---|---|---|---|
r-devel-linux-x86_64-debian-clang | 0.7.2 | 5.95 | 107.19 | 113.14 | NOTE | |
r-devel-linux-x86_64-debian-gcc | 0.7.2 | 4.28 | 79.77 | 84.05 | NOTE | |
r-devel-linux-x86_64-fedora-clang | 0.7.2 | 143.29 | NOTE | |||
r-devel-linux-x86_64-fedora-gcc | 0.7.2 | 148.38 | NOTE | |||
r-devel-windows-x86_64 | 0.7.2 | 7.00 | 97.00 | 104.00 | NOTE | |
r-patched-linux-x86_64 | 0.7.2 | 5.34 | 100.82 | 106.16 | NOTE | |
r-release-linux-x86_64 | 0.7.2 | 5.21 | 104.85 | 110.06 | NOTE | |
r-release-macos-arm64 | 0.7.2 | 52.00 | NOTE | |||
r-release-macos-x86_64 | 0.7.2 | 95.00 | NOTE | |||
r-release-windows-x86_64 | 0.7.2 | 7.00 | 98.00 | 105.00 | NOTE | |
r-oldrel-macos-arm64 | 0.7.2 | 58.00 | NOTE | |||
r-oldrel-macos-x86_64 | 0.7.2 | 81.00 | NOTE | |||
r-oldrel-windows-x86_64 | 0.7.2 | 8.00 | 117.00 | 125.00 | NOTE |
Version: 0.7.2
Check: Rd files
Result: NOTE
checkRd: (-1) mma.Rd:67: Escaped LaTeX specials: \&
Flavors: r-devel-linux-x86_64-debian-clang, r-devel-linux-x86_64-debian-gcc, r-devel-linux-x86_64-fedora-clang, r-devel-linux-x86_64-fedora-gcc, r-devel-windows-x86_64, r-patched-linux-x86_64, r-release-linux-x86_64, r-release-macos-arm64, r-release-macos-x86_64, r-release-windows-x86_64, r-oldrel-macos-arm64, r-oldrel-macos-x86_64, r-oldrel-windows-x86_64