Last updated on 2024-07-01 03:49:07 CEST.
Flavor | Version | Tinstall | Tcheck | Ttotal | Status | Flags |
---|---|---|---|---|---|---|
r-devel-linux-x86_64-debian-clang | 0.1.0 | 22.61 | 151.66 | 174.27 | OK | |
r-devel-linux-x86_64-debian-gcc | 0.1.0 | 17.15 | 113.02 | 130.17 | OK | |
r-devel-linux-x86_64-fedora-clang | 0.1.0 | 221.86 | NOTE | |||
r-devel-linux-x86_64-fedora-gcc | 0.1.0 | 209.36 | NOTE | |||
r-devel-windows-x86_64 | 0.1.0 | 17.00 | 112.00 | 129.00 | OK | |
r-patched-linux-x86_64 | 0.1.0 | 19.34 | 148.10 | 167.44 | OK | |
r-release-linux-x86_64 | 0.1.0 | 14.25 | 144.78 | 159.03 | OK | |
r-release-macos-arm64 | 0.1.0 | 59.00 | OK | |||
r-release-macos-x86_64 | 0.1.0 | 91.00 | OK | |||
r-release-windows-x86_64 | 0.1.0 | 18.00 | 111.00 | 129.00 | OK | |
r-oldrel-macos-arm64 | 0.1.0 | 66.00 | OK | |||
r-oldrel-macos-x86_64 | 0.1.0 | 125.00 | OK | |||
r-oldrel-windows-x86_64 | 0.1.0 | 21.00 | 139.00 | 160.00 | OK |
Version: 0.1.0
Check: dependencies in R code
Result: NOTE
Namespaces in Imports field not imported from:
‘shinythemes’ ‘topicmodels’
All declared Imports should be used.
Flavors: r-devel-linux-x86_64-fedora-clang, r-devel-linux-x86_64-fedora-gcc