Last updated on 2024-07-01 03:49:09 CEST.
Flavor | Version | Tinstall | Tcheck | Ttotal | Status | Flags |
---|---|---|---|---|---|---|
r-devel-linux-x86_64-debian-clang | 0.1.2 | 140.00 | 78.92 | 218.92 | OK | |
r-devel-linux-x86_64-debian-gcc | 0.1.2 | 102.38 | 57.11 | 159.49 | OK | |
r-devel-linux-x86_64-fedora-clang | 0.1.2 | 313.64 | OK | |||
r-devel-linux-x86_64-fedora-gcc | 0.1.2 | 355.77 | OK | |||
r-devel-windows-x86_64 | 0.1.2 | 112.00 | 121.00 | 233.00 | OK | |
r-patched-linux-x86_64 | 0.1.2 | 128.42 | 79.13 | 207.55 | OK | |
r-release-linux-x86_64 | 0.1.2 | 120.02 | 77.66 | 197.68 | OK | |
r-release-macos-arm64 | 0.1.2 | 70.00 | NOTE | |||
r-release-macos-x86_64 | 0.1.2 | 121.00 | NOTE | |||
r-release-windows-x86_64 | 0.1.2 | 110.00 | 118.00 | 228.00 | OK | |
r-oldrel-macos-arm64 | 0.1.2 | 69.00 | NOTE | |||
r-oldrel-macos-x86_64 | 0.1.2 | 130.00 | NOTE | |||
r-oldrel-windows-x86_64 | 0.1.2 | 137.00 | 139.00 | 276.00 | OK |
Version: 0.1.2
Check: installed package size
Result: NOTE
installed size is 13.7Mb
sub-directories of 1Mb or more:
libs 12.8Mb
Flavors: r-release-macos-arm64, r-release-macos-x86_64, r-oldrel-macos-arm64, r-oldrel-macos-x86_64