Last updated on 2024-07-01 03:49:09 CEST.
Flavor | Version | Tinstall | Tcheck | Ttotal | Status | Flags |
---|---|---|---|---|---|---|
r-devel-linux-x86_64-debian-clang | 3.7.1 | 162.77 | 303.70 | 466.47 | OK | |
r-devel-linux-x86_64-debian-gcc | 3.7.1 | 123.71 | 212.96 | 336.67 | OK | |
r-devel-linux-x86_64-fedora-clang | 3.7.1 | 673.95 | NOTE | |||
r-devel-linux-x86_64-fedora-gcc | 3.7.1 | 581.68 | OK | |||
r-devel-windows-x86_64 | 3.7.1 | 136.00 | 249.00 | 385.00 | NOTE | |
r-patched-linux-x86_64 | 3.7.1 | 153.70 | 280.32 | 434.02 | OK | |
r-release-linux-x86_64 | 3.7.1 | 108.06 | 287.28 | 395.34 | OK | |
r-release-macos-arm64 | 3.7.1 | 128.00 | NOTE | |||
r-release-macos-x86_64 | 3.7.1 | 194.00 | NOTE | |||
r-release-windows-x86_64 | 3.7.1 | 134.00 | 239.00 | 373.00 | NOTE | |
r-oldrel-macos-arm64 | 3.7.1 | 133.00 | NOTE | |||
r-oldrel-macos-x86_64 | 3.7.1 | 254.00 | NOTE | |||
r-oldrel-windows-x86_64 | 3.7.1 | 170.00 | 307.00 | 477.00 | NOTE |
Version: 3.7.1
Check: installed package size
Result: NOTE
installed size is 7.8Mb
sub-directories of 1Mb or more:
R 1.9Mb
data 4.4Mb
Flavors: r-devel-linux-x86_64-fedora-clang, r-devel-windows-x86_64, r-release-macos-arm64, r-release-macos-x86_64, r-release-windows-x86_64, r-oldrel-macos-arm64, r-oldrel-macos-x86_64, r-oldrel-windows-x86_64