Last updated on 2024-07-01 03:49:08 CEST.
Flavor | Version | Tinstall | Tcheck | Ttotal | Status | Flags |
---|---|---|---|---|---|---|
r-devel-linux-x86_64-debian-clang | 1.9 | 12.83 | 121.64 | 134.47 | OK | |
r-devel-linux-x86_64-debian-gcc | 1.9 | 8.89 | 87.05 | 95.94 | OK | |
r-devel-linux-x86_64-fedora-clang | 1.9 | 169.07 | NOTE | |||
r-devel-linux-x86_64-fedora-gcc | 1.9 | 179.84 | OK | |||
r-devel-windows-x86_64 | 1.9 | 12.00 | 107.00 | 119.00 | OK | |
r-patched-linux-x86_64 | 1.9 | 13.49 | 116.78 | 130.27 | OK | |
r-release-linux-x86_64 | 1.9 | 13.03 | 113.20 | 126.23 | OK | |
r-release-macos-arm64 | 1.9 | 44.00 | OK | |||
r-release-macos-x86_64 | 1.9 | 79.00 | OK | |||
r-release-windows-x86_64 | 1.9 | 12.00 | 109.00 | 121.00 | OK | |
r-oldrel-macos-arm64 | 1.9 | 51.00 | OK | |||
r-oldrel-macos-x86_64 | 1.9 | 88.00 | NOTE | |||
r-oldrel-windows-x86_64 | 1.9 | 14.00 | 130.00 | 144.00 | OK |
Version: 1.9
Check: Rd cross-references
Result: NOTE
Undeclared packages ‘rms’, ‘Hmisc’, ‘genefilter’ in Rd xrefs
Flavor: r-devel-linux-x86_64-fedora-clang
Version: 1.9
Check: Rd cross-references
Result: NOTE
Package unavailable to check Rd xrefs: ‘genefilter’
Flavor: r-oldrel-macos-x86_64