Last updated on 2024-07-01 03:49:08 CEST.
Flavor | Version | Tinstall | Tcheck | Ttotal | Status | Flags |
---|---|---|---|---|---|---|
r-devel-linux-x86_64-debian-clang | 0.1.0 | 1120.97 | 273.77 | 1394.74 | NOTE | |
r-devel-linux-x86_64-debian-gcc | 0.1.0 | 989.73 | 297.43 | 1287.16 | NOTE | |
r-devel-linux-x86_64-fedora-clang | 0.1.0 | 1728.70 | NOTE | |||
r-devel-linux-x86_64-fedora-gcc | 0.1.0 | 2529.48 | NOTE | |||
r-devel-windows-x86_64 | 0.1.0 | 882.00 | 309.00 | 1191.00 | NOTE | |
r-patched-linux-x86_64 | 0.1.0 | 812.37 | 385.78 | 1198.15 | NOTE | |
r-release-linux-x86_64 | 0.1.0 | 0.02 | 2.68 | 2.70 | ERROR | |
r-release-macos-arm64 | 0.1.0 | 434.00 | NOTE | |||
r-release-macos-x86_64 | 0.1.0 | 413.00 | NOTE | |||
r-release-windows-x86_64 | 0.1.0 | 868.00 | 301.00 | 1169.00 | NOTE | |
r-oldrel-macos-arm64 | 0.1.0 | 447.00 | NOTE | |||
r-oldrel-macos-x86_64 | 0.1.0 | 708.00 | NOTE | |||
r-oldrel-windows-x86_64 | 0.1.0 | 1134.00 | 389.00 | 1523.00 | NOTE |
Version: 0.1.0
Check: for GNU extensions in Makefiles
Result: NOTE
GNU make is a SystemRequirements.
Flavors: r-devel-linux-x86_64-debian-clang, r-devel-linux-x86_64-debian-gcc, r-devel-linux-x86_64-fedora-clang, r-devel-linux-x86_64-fedora-gcc, r-devel-windows-x86_64, r-patched-linux-x86_64, r-release-macos-arm64, r-release-macos-x86_64, r-release-windows-x86_64, r-oldrel-macos-arm64, r-oldrel-macos-x86_64, r-oldrel-windows-x86_64
Version: 0.1.0
Check: installed package size
Result: NOTE
installed size is 10.6Mb
sub-directories of 1Mb or more:
libs 9.9Mb
Flavors: r-devel-linux-x86_64-fedora-clang, r-devel-windows-x86_64, r-release-macos-arm64, r-release-macos-x86_64, r-release-windows-x86_64, r-oldrel-macos-arm64, r-oldrel-macos-x86_64, r-oldrel-windows-x86_64
Version: 0.1.0
Check: dependencies in R code
Result: NOTE
Namespaces in Imports field not imported from:
‘pracma’ ‘rstantools’
All declared Imports should be used.
Flavors: r-devel-linux-x86_64-fedora-clang, r-devel-linux-x86_64-fedora-gcc
Version: 0.1.0
Check: whether package can be installed
Result: ERROR
Installation failed.
Flavor: r-release-linux-x86_64