Last updated on 2024-07-01 03:49:07 CEST.
Flavor | Version | Tinstall | Tcheck | Ttotal | Status | Flags |
---|---|---|---|---|---|---|
r-devel-linux-x86_64-debian-clang | 1.7-0 | 747.12 | 161.79 | 908.91 | OK | |
r-devel-linux-x86_64-debian-gcc | 1.7-0 | 354.92 | 115.33 | 470.25 | OK | |
r-devel-linux-x86_64-fedora-clang | 1.7-0 | 1069.06 | NOTE | |||
r-devel-linux-x86_64-fedora-gcc | 1.7-0 | 944.76 | OK | |||
r-devel-windows-x86_64 | 1.7-0 | 333.00 | 164.00 | 497.00 | OK | |
r-patched-linux-x86_64 | 1.7-0 | 419.53 | 151.53 | 571.06 | OK | |
r-release-linux-x86_64 | 1.7-0 | 421.17 | 151.44 | 572.61 | OK | |
r-release-macos-arm64 | 1.7-0 | 220.00 | NOTE | |||
r-release-macos-x86_64 | 1.7-0 | 209.00 | NOTE | |||
r-release-windows-x86_64 | 1.7-0 | 333.00 | 163.00 | 496.00 | OK | |
r-oldrel-macos-arm64 | 1.7-0 | 227.00 | NOTE | |||
r-oldrel-macos-x86_64 | 1.7-0 | 253.00 | NOTE | |||
r-oldrel-windows-x86_64 | 1.7-0 | 401.00 | 209.00 | 610.00 | OK |
Version: 1.7-0
Check: installed package size
Result: NOTE
installed size is 6.8Mb
sub-directories of 1Mb or more:
libs 5.7Mb
Flavors: r-devel-linux-x86_64-fedora-clang, r-release-macos-arm64, r-release-macos-x86_64, r-oldrel-macos-arm64, r-oldrel-macos-x86_64