Last updated on 2024-07-01 03:49:07 CEST.
Flavor | Version | Tinstall | Tcheck | Ttotal | Status | Flags |
---|---|---|---|---|---|---|
r-devel-linux-x86_64-debian-clang | 0.1.4.2 | 29.50 | 181.20 | 210.70 | OK | |
r-devel-linux-x86_64-debian-gcc | 0.1.4.2 | 26.82 | 163.54 | 190.36 | OK | |
r-devel-linux-x86_64-fedora-clang | 0.1.4.2 | 275.84 | OK | |||
r-devel-linux-x86_64-fedora-gcc | 0.1.4.2 | 459.95 | OK | |||
r-devel-windows-x86_64 | 0.1.4.2 | 30.00 | 152.00 | 182.00 | OK | |
r-patched-linux-x86_64 | 0.1.4.2 | 19.48 | 188.39 | 207.87 | OK | |
r-release-linux-x86_64 | 0.1.4.2 | 23.68 | 191.50 | 215.18 | OK | |
r-release-macos-arm64 | 0.1.4.2 | 124.00 | NOTE | |||
r-release-macos-x86_64 | 0.1.4.2 | 177.00 | NOTE | |||
r-release-windows-x86_64 | 0.1.4.2 | 29.00 | 153.00 | 182.00 | OK | |
r-oldrel-macos-arm64 | 0.1.4.2 | 132.00 | NOTE | |||
r-oldrel-macos-x86_64 | 0.1.4.2 | 299.00 | NOTE | |||
r-oldrel-windows-x86_64 | 0.1.4.2 | 36.00 | 188.00 | 224.00 | OK |
Version: 0.1.4.2
Check: installed package size
Result: NOTE
installed size is 5.1Mb
sub-directories of 1Mb or more:
R 1.1Mb
data 3.9Mb
Flavors: r-release-macos-arm64, r-release-macos-x86_64, r-oldrel-macos-arm64, r-oldrel-macos-x86_64