Last updated on 2024-07-01 03:49:07 CEST.
Flavor | Version | Tinstall | Tcheck | Ttotal | Status | Flags |
---|---|---|---|---|---|---|
r-devel-linux-x86_64-debian-clang | 0.5.4 | 9.23 | 245.73 | 254.96 | NOTE | |
r-devel-linux-x86_64-debian-gcc | 0.5.4 | 8.47 | 175.55 | 184.02 | NOTE | |
r-devel-linux-x86_64-fedora-clang | 0.5.4 | 309.20 | NOTE | |||
r-devel-linux-x86_64-fedora-gcc | 0.5.4 | 310.75 | NOTE | |||
r-devel-windows-x86_64 | 0.5.4 | 10.00 | 173.00 | 183.00 | NOTE | |
r-patched-linux-x86_64 | 0.5.4 | 11.81 | 232.77 | 244.58 | NOTE | |
r-release-linux-x86_64 | 0.5.4 | 10.09 | 228.75 | 238.84 | NOTE | |
r-release-macos-arm64 | 0.5.4 | 77.00 | NOTE | |||
r-release-macos-x86_64 | 0.5.4 | 137.00 | NOTE | |||
r-release-windows-x86_64 | 0.5.4 | 10.00 | 176.00 | 186.00 | NOTE | |
r-oldrel-macos-arm64 | 0.5.4 | 89.00 | OK | |||
r-oldrel-macos-x86_64 | 0.5.4 | 258.00 | OK | |||
r-oldrel-windows-x86_64 | 0.5.4 | 13.00 | 231.00 | 244.00 | OK |
Version: 0.5.4
Check: Rd files
Result: NOTE
checkRd: (-1) EEGwide.Rd:30-33: Lost braces
30 | if(requireNamespace("ggplot2")){
| ^
Flavors: r-devel-linux-x86_64-debian-clang, r-devel-linux-x86_64-debian-gcc, r-devel-linux-x86_64-fedora-clang, r-devel-linux-x86_64-fedora-gcc, r-devel-windows-x86_64, r-patched-linux-x86_64, r-release-linux-x86_64, r-release-macos-arm64, r-release-macos-x86_64, r-release-windows-x86_64