Last updated on 2024-07-01 03:49:06 CEST.
Flavor | Version | Tinstall | Tcheck | Ttotal | Status | Flags |
---|---|---|---|---|---|---|
r-devel-linux-x86_64-debian-clang | 1.3.1 | 77.61 | 44.26 | 121.87 | NOTE | |
r-devel-linux-x86_64-debian-gcc | 1.3.1 | 60.18 | 35.25 | 95.43 | NOTE | |
r-devel-linux-x86_64-fedora-clang | 1.3.1 | 194.72 | NOTE | |||
r-devel-linux-x86_64-fedora-gcc | 1.3.1 | 205.63 | NOTE | |||
r-devel-windows-x86_64 | 1.3.1 | 64.00 | 98.00 | 162.00 | NOTE | |
r-patched-linux-x86_64 | 1.3.1 | 66.94 | 43.48 | 110.42 | NOTE | |
r-release-linux-x86_64 | 1.3.1 | 66.58 | 43.31 | 109.89 | NOTE | |
r-release-macos-arm64 | 1.3.1 | 48.00 | NOTE | |||
r-release-macos-x86_64 | 1.3.1 | 58.00 | NOTE | |||
r-release-windows-x86_64 | 1.3.1 | 63.00 | 103.00 | 166.00 | NOTE | |
r-oldrel-macos-arm64 | 1.3.1 | 55.00 | NOTE | |||
r-oldrel-macos-x86_64 | 1.3.1 | 91.00 | NOTE | |||
r-oldrel-windows-x86_64 | 1.3.1 | 80.00 | 103.00 | 183.00 | NOTE |
Version: 1.3.1
Check: C++ specification
Result: NOTE
Specified C++11: please drop specification unless essential
Flavors: r-devel-linux-x86_64-debian-clang, r-devel-linux-x86_64-debian-gcc, r-devel-linux-x86_64-fedora-clang, r-devel-linux-x86_64-fedora-gcc, r-devel-windows-x86_64, r-patched-linux-x86_64, r-release-linux-x86_64, r-release-macos-arm64, r-release-macos-x86_64, r-release-windows-x86_64, r-oldrel-macos-arm64, r-oldrel-macos-x86_64, r-oldrel-windows-x86_64